{"id":56544,"date":"2020-11-16T18:52:44","date_gmt":"2020-11-16T18:52:44","guid":{"rendered":"https:\/\/yucatantravel.epconsulting.mx\/flavor\/284-mercado-tradicional-de-espita\/"},"modified":"2024-03-23T23:26:09","modified_gmt":"2024-03-23T23:26:09","slug":"284-marche-traditionnel-despita","status":"publish","type":"flavors","link":"https:\/\/yucatantravel.epconsulting.mx\/fr\/flavor\/284-marche-traditionnel-despita\/","title":{"rendered":"No. 284 March\u00e9 traditionnel d&rsquo;Espita"},"content":{"rendered":"<p><section class=\"fw-main-row padding-only-desktop\"  >\n\t<div class=\"fw-container\"  style=\"\" id=\"section_1788205312382856706\" data-title=\"Texto experiencia\">\n\t\t<div class=\"fw-row\">\n\t<div class=\"fw-col-xs-12\" style=\"box-sizing:border-box;\">\n\t<p>En face de l\u2019\u00e9glise se trouve le march\u00e9 Juan Jos\u00e9 M\u00e9ndez, lieu embl\u00e9matique de la Villa de Espita, inaugur\u00e9e en 1906. Nomm\u00e9 d\u2019apr\u00e8s le premier leader politique d\u2019Espita, originaire d\u2019Izamal qui \u00e9tait appr\u00e9ci\u00e9 pour son gouvernement et la construction de travaux publics. Il a un toit \u00e9lev\u00e9 qui d\u00e9passe comme une tour de ch\u00e2teau en jaune et des balcons en ferronnerie \u00e0 c\u00f4t\u00e9 de la fontaine. \u00c0 l\u2019int\u00e9rieur, tu trouveras de 7h00 \u00e0 14h00 des vendeurs de fruits, de l\u00e9gumes, de panuchos, de tortas, de tacos et le dimanche des vendeurs de cochons de lait et de cochinita. Pendant ce temps, de 18h00 \u00e0 22h00, tu trouveras des vendeurs d\u2019en-cas yucat\u00e8ques et des cuisini\u00e8res traditionnelles de la r\u00e9gion qui proposent\u00a0: des salbutes, des panuchos, de la cochinita pibil et le c\u00e9l\u00e8bre kots\u2019ob, qui fait partie de l\u2019offre gastronomique d\u2019Espita, \u00e9labor\u00e9e par un groupe de femmes et d\u2019hommes qui essaient de prot\u00e9ger et de maintenir vivantes les recettes traditionnelles de la r\u00e9gion maya.\u00a0Profite de toutes ces saveurs\u00a0!<\/p><h4>Informations utiles<\/h4><p><strong>Comprend\u00a0: <\/strong>Diff\u00e9rents stands de fruits, de l\u00e9gumes et de rago\u00fbts traditionnels.<strong><br \/><\/strong>Recommandations pour les touristes : Apporte de l\u2019argent liquide.<br \/>Modes de paiement : Esp\u00e8ces.<\/p><\/div><\/div>\n\n\t<\/div>\n<\/section><section class=\"fw-main-row padding-only-desktop\"  >\n\t<div class=\"fw-container\"  style=\"\" id=\"section_1788205312920728216\" data-title=\"Regiones\">\n\t\t<div class=\"fw-row\">\n\t<div class=\"fw-col-xs-12\" style=\"box-sizing:border-box;\">\n\t<div class=\"fw-heading fw-heading-h6 \">\n\t\t<h6 class='fw-special-title title'>R\u00e9gions<\/h6>\t<\/div><\/div><\/div>\n\n<div class=\"fw-row\">\n\t<div class=\"fw-col-xs-12\" style=\"box-sizing:border-box;\">\n\t  <div class=\"link-list\">\n    <a href=\"https:\/\/yucatantravel.epconsulting.mx\/fr\/?post_type=regions&p=2729\">\n                        <i class=\"icon-\"><\/i>\n                Capitale du monde maya      <\/a>  <\/div>\n<\/div><\/div>\n\n\t<\/div>\n<\/section><\/p>\n","protected":false},"excerpt":{"rendered":"<p>En face de l\u2019\u00e9glise se trouve le march\u00e9 Juan Jos\u00e9 M\u00e9ndez, lieu embl\u00e9matique de la Villa de Espita, inaugur\u00e9e en 1906. Nomm\u00e9 d\u2019apr\u00e8s le premier leader politique d\u2019Espita, originaire d\u2019Izamal qui \u00e9tait appr\u00e9ci\u00e9 pour son gouvernement et la construction de travaux publics. Il a un toit \u00e9lev\u00e9 qui d\u00e9passe comme une tour de ch\u00e2teau en [&hellip;]<\/p>\n","protected":false},"featured_media":48470,"template":"","class_list":["post-56544","flavors","type-flavors","status-publish","has-post-thumbnail","hentry","flav-activities-marches-fr","flav-cocina-traditional-flavours-fr"],"yoast_head":"<!-- This site is optimized with the Yoast SEO plugin v28.3 - https:\/\/yoast.com\/product\/yoast-seo-wordpress\/ -->\n<title>365 saveurs au Yucatan - No. 284 March\u00e9 traditionnel d&#039;Espita<\/title>\n<meta name=\"description\" content=\"En face de l\u2019\u00e9glise se trouve le march\u00e9 Juan Jos\u00e9 M\u00e9ndez, lieu embl\u00e9matique de la Villa de Espita, inaugur\u00e9e en 1906. Nomm\u00e9 d\u2019apr\u00e8s le...\" \/>\n<meta name=\"robots\" content=\"index, follow, max-snippet:-1, max-image-preview:large, max-video-preview:-1\" \/>\n<link rel=\"canonical\" href=\"https:\/\/yucatantravel.epconsulting.mx\/sabores\/284-mercado-tradicional-de-espita\/\" \/>\n<meta property=\"og:locale\" content=\"fr_FR\" \/>\n<meta property=\"og:type\" content=\"article\" \/>\n<meta property=\"og:title\" content=\"365 saveurs au Yucatan - No. 284 March\u00e9 traditionnel d&#039;Espita\" \/>\n<meta property=\"og:description\" content=\"En face de l\u2019\u00e9glise se trouve le march\u00e9 Juan Jos\u00e9 M\u00e9ndez, lieu embl\u00e9matique de la Villa de Espita, inaugur\u00e9e en 1906. Nomm\u00e9 d\u2019apr\u00e8s le...\" \/>\n<meta property=\"og:url\" content=\"https:\/\/yucatantravel.epconsulting.mx\/sabores\/284-mercado-tradicional-de-espita\/\" \/>\n<meta property=\"og:site_name\" content=\"Yucatan.Travel\" \/>\n<meta property=\"article:modified_time\" content=\"2024-03-23T23:26:09+00:00\" \/>\n<meta property=\"og:image\" content=\"https:\/\/yucatantravel.epconsulting.mx\/wp-content\/uploads\/2020\/11\/365-sabores-en-yucata\u0301n-Mercado-tradicional-de-Espita-4.jpg\" \/>\n\t<meta property=\"og:image:width\" content=\"1920\" \/>\n\t<meta property=\"og:image:height\" content=\"1280\" \/>\n\t<meta property=\"og:image:type\" content=\"image\/jpeg\" \/>\n<meta name=\"twitter:card\" content=\"summary_large_image\" \/>\n<meta name=\"twitter:label1\" content=\"Dur\u00e9e de lecture estim\u00e9e\" \/>\n\t<meta name=\"twitter:data1\" content=\"1 minute\" \/>\n<script type=\"application\/ld+json\" class=\"yoast-schema-graph\">{\"@context\":\"https:\\\/\\\/schema.org\",\"@graph\":[{\"@type\":\"WebPage\",\"@id\":\"https:\\\/\\\/yucatantravel.epconsulting.mx\\\/sabores\\\/284-mercado-tradicional-de-espita\\\/\",\"url\":\"https:\\\/\\\/yucatantravel.epconsulting.mx\\\/sabores\\\/284-mercado-tradicional-de-espita\\\/\",\"name\":\"365 saveurs au Yucatan - No. 284 March\u00e9 traditionnel d'Espita\",\"isPartOf\":{\"@id\":\"https:\\\/\\\/yucatantravel.epconsulting.mx\\\/#website\"},\"primaryImageOfPage\":{\"@id\":\"https:\\\/\\\/yucatantravel.epconsulting.mx\\\/sabores\\\/284-mercado-tradicional-de-espita\\\/#primaryimage\"},\"image\":{\"@id\":\"https:\\\/\\\/yucatantravel.epconsulting.mx\\\/sabores\\\/284-mercado-tradicional-de-espita\\\/#primaryimage\"},\"thumbnailUrl\":\"https:\\\/\\\/yucatantravel.epconsulting.mx\\\/wp-content\\\/uploads\\\/2020\\\/11\\\/365-sabores-en-yucata\u0301n-Mercado-tradicional-de-Espita-4.jpg\",\"datePublished\":\"2020-11-16T18:52:44+00:00\",\"dateModified\":\"2024-03-23T23:26:09+00:00\",\"description\":\"En face de l\u2019\u00e9glise se trouve le march\u00e9 Juan Jos\u00e9 M\u00e9ndez, lieu embl\u00e9matique de la Villa de Espita, inaugur\u00e9e en 1906. Nomm\u00e9 d\u2019apr\u00e8s le...\",\"breadcrumb\":{\"@id\":\"https:\\\/\\\/yucatantravel.epconsulting.mx\\\/sabores\\\/284-mercado-tradicional-de-espita\\\/#breadcrumb\"},\"inLanguage\":\"fr-FR\",\"potentialAction\":[{\"@type\":\"ReadAction\",\"target\":[\"https:\\\/\\\/yucatantravel.epconsulting.mx\\\/sabores\\\/284-mercado-tradicional-de-espita\\\/\"]}]},{\"@type\":\"ImageObject\",\"inLanguage\":\"fr-FR\",\"@id\":\"https:\\\/\\\/yucatantravel.epconsulting.mx\\\/sabores\\\/284-mercado-tradicional-de-espita\\\/#primaryimage\",\"url\":\"https:\\\/\\\/yucatantravel.epconsulting.mx\\\/wp-content\\\/uploads\\\/2020\\\/11\\\/365-sabores-en-yucata\u0301n-Mercado-tradicional-de-Espita-4.jpg\",\"contentUrl\":\"https:\\\/\\\/yucatantravel.epconsulting.mx\\\/wp-content\\\/uploads\\\/2020\\\/11\\\/365-sabores-en-yucata\u0301n-Mercado-tradicional-de-Espita-4.jpg\",\"width\":1920,\"height\":1280},{\"@type\":\"BreadcrumbList\",\"@id\":\"https:\\\/\\\/yucatantravel.epconsulting.mx\\\/sabores\\\/284-mercado-tradicional-de-espita\\\/#breadcrumb\",\"itemListElement\":[{\"@type\":\"ListItem\",\"position\":1,\"name\":\"Flavors\",\"item\":\"https:\\\/\\\/yucatantravel.epconsulting.mx\\\/sabores\\\/\"},{\"@type\":\"ListItem\",\"position\":2,\"name\":\"No. 284 March\u00e9 traditionnel d&#8217;Espita\"}]},{\"@type\":\"WebSite\",\"@id\":\"https:\\\/\\\/yucatantravel.epconsulting.mx\\\/#website\",\"url\":\"https:\\\/\\\/yucatantravel.epconsulting.mx\\\/\",\"name\":\"Yucatan.Travel\",\"description\":\"Just another WordPress site\",\"potentialAction\":[{\"@type\":\"SearchAction\",\"target\":{\"@type\":\"EntryPoint\",\"urlTemplate\":\"https:\\\/\\\/yucatantravel.epconsulting.mx\\\/?s={search_term_string}\"},\"query-input\":{\"@type\":\"PropertyValueSpecification\",\"valueRequired\":true,\"valueName\":\"search_term_string\"}}],\"inLanguage\":\"fr-FR\"}]}<\/script>\n<!-- \/ Yoast SEO plugin. -->","yoast_head_json":{"title":"365 saveurs au Yucatan - No. 284 March\u00e9 traditionnel d'Espita","description":"En face de l\u2019\u00e9glise se trouve le march\u00e9 Juan Jos\u00e9 M\u00e9ndez, lieu embl\u00e9matique de la Villa de Espita, inaugur\u00e9e en 1906. Nomm\u00e9 d\u2019apr\u00e8s le...","robots":{"index":"index","follow":"follow","max-snippet":"max-snippet:-1","max-image-preview":"max-image-preview:large","max-video-preview":"max-video-preview:-1"},"canonical":"https:\/\/yucatantravel.epconsulting.mx\/sabores\/284-mercado-tradicional-de-espita\/","og_locale":"fr_FR","og_type":"article","og_title":"365 saveurs au Yucatan - No. 284 March\u00e9 traditionnel d'Espita","og_description":"En face de l\u2019\u00e9glise se trouve le march\u00e9 Juan Jos\u00e9 M\u00e9ndez, lieu embl\u00e9matique de la Villa de Espita, inaugur\u00e9e en 1906. Nomm\u00e9 d\u2019apr\u00e8s le...","og_url":"https:\/\/yucatantravel.epconsulting.mx\/sabores\/284-mercado-tradicional-de-espita\/","og_site_name":"Yucatan.Travel","article_modified_time":"2024-03-23T23:26:09+00:00","og_image":[{"width":1920,"height":1280,"url":"https:\/\/yucatantravel.epconsulting.mx\/wp-content\/uploads\/2020\/11\/365-sabores-en-yucata\u0301n-Mercado-tradicional-de-Espita-4.jpg","type":"image\/jpeg"}],"twitter_card":"summary_large_image","twitter_misc":{"Dur\u00e9e de lecture estim\u00e9e":"1 minute"},"schema":{"@context":"https:\/\/schema.org","@graph":[{"@type":"WebPage","@id":"https:\/\/yucatantravel.epconsulting.mx\/sabores\/284-mercado-tradicional-de-espita\/","url":"https:\/\/yucatantravel.epconsulting.mx\/sabores\/284-mercado-tradicional-de-espita\/","name":"365 saveurs au Yucatan - No. 284 March\u00e9 traditionnel d'Espita","isPartOf":{"@id":"https:\/\/yucatantravel.epconsulting.mx\/#website"},"primaryImageOfPage":{"@id":"https:\/\/yucatantravel.epconsulting.mx\/sabores\/284-mercado-tradicional-de-espita\/#primaryimage"},"image":{"@id":"https:\/\/yucatantravel.epconsulting.mx\/sabores\/284-mercado-tradicional-de-espita\/#primaryimage"},"thumbnailUrl":"https:\/\/yucatantravel.epconsulting.mx\/wp-content\/uploads\/2020\/11\/365-sabores-en-yucata\u0301n-Mercado-tradicional-de-Espita-4.jpg","datePublished":"2020-11-16T18:52:44+00:00","dateModified":"2024-03-23T23:26:09+00:00","description":"En face de l\u2019\u00e9glise se trouve le march\u00e9 Juan Jos\u00e9 M\u00e9ndez, lieu embl\u00e9matique de la Villa de Espita, inaugur\u00e9e en 1906. Nomm\u00e9 d\u2019apr\u00e8s le...","breadcrumb":{"@id":"https:\/\/yucatantravel.epconsulting.mx\/sabores\/284-mercado-tradicional-de-espita\/#breadcrumb"},"inLanguage":"fr-FR","potentialAction":[{"@type":"ReadAction","target":["https:\/\/yucatantravel.epconsulting.mx\/sabores\/284-mercado-tradicional-de-espita\/"]}]},{"@type":"ImageObject","inLanguage":"fr-FR","@id":"https:\/\/yucatantravel.epconsulting.mx\/sabores\/284-mercado-tradicional-de-espita\/#primaryimage","url":"https:\/\/yucatantravel.epconsulting.mx\/wp-content\/uploads\/2020\/11\/365-sabores-en-yucata\u0301n-Mercado-tradicional-de-Espita-4.jpg","contentUrl":"https:\/\/yucatantravel.epconsulting.mx\/wp-content\/uploads\/2020\/11\/365-sabores-en-yucata\u0301n-Mercado-tradicional-de-Espita-4.jpg","width":1920,"height":1280},{"@type":"BreadcrumbList","@id":"https:\/\/yucatantravel.epconsulting.mx\/sabores\/284-mercado-tradicional-de-espita\/#breadcrumb","itemListElement":[{"@type":"ListItem","position":1,"name":"Flavors","item":"https:\/\/yucatantravel.epconsulting.mx\/sabores\/"},{"@type":"ListItem","position":2,"name":"No. 284 March\u00e9 traditionnel d&#8217;Espita"}]},{"@type":"WebSite","@id":"https:\/\/yucatantravel.epconsulting.mx\/#website","url":"https:\/\/yucatantravel.epconsulting.mx\/","name":"Yucatan.Travel","description":"Just another WordPress site","potentialAction":[{"@type":"SearchAction","target":{"@type":"EntryPoint","urlTemplate":"https:\/\/yucatantravel.epconsulting.mx\/?s={search_term_string}"},"query-input":{"@type":"PropertyValueSpecification","valueRequired":true,"valueName":"search_term_string"}}],"inLanguage":"fr-FR"}]}},"_links":{"self":[{"href":"https:\/\/yucatantravel.epconsulting.mx\/fr\/wp-json\/wp\/v2\/flavors\/56544","targetHints":{"allow":["GET"]}}],"collection":[{"href":"https:\/\/yucatantravel.epconsulting.mx\/fr\/wp-json\/wp\/v2\/flavors"}],"about":[{"href":"https:\/\/yucatantravel.epconsulting.mx\/fr\/wp-json\/wp\/v2\/types\/flavors"}],"wp:featuredmedia":[{"embeddable":true,"href":"https:\/\/yucatantravel.epconsulting.mx\/fr\/wp-json\/wp\/v2\/media\/48470"}],"wp:attachment":[{"href":"https:\/\/yucatantravel.epconsulting.mx\/fr\/wp-json\/wp\/v2\/media?parent=56544"}],"curies":[{"name":"wp","href":"https:\/\/api.w.org\/{rel}","templated":true}]}}

No. 284 Marché traditionnel d&rsquo;Espita

<p><section class="fw-main-row padding-only-desktop"  >
	<div class="fw-container"  style="" id="section_1788205312382856706" data-title="Texto experiencia">
		<div class="fw-row">
	<div class="fw-col-xs-12" style="box-sizing:border-box;">
	<p>En face de l’église se trouve le marché Juan José Méndez, lieu emblématique de la Villa de Espita, inaugurée en 1906. Nommé d’après le premier leader politique d’Espita, originaire d’Izamal qui était apprécié pour son gouvernement et la construction de travaux publics. Il a un toit élevé qui dépasse comme une tour de château en jaune et des balcons en ferronnerie à côté de la fontaine. À l’intérieur, tu trouveras de 7h00 à 14h00 des vendeurs de fruits, de légumes, de panuchos, de tortas, de tacos et le dimanche des vendeurs de cochons de lait et de cochinita. Pendant ce temps, de 18h00 à 22h00, tu trouveras des vendeurs d’en-cas yucatèques et des cuisinières traditionnelles de la région qui proposent : des salbutes, des panuchos, de la cochinita pibil et le célèbre kots’ob, qui fait partie de l’offre gastronomique d’Espita, élaborée par un groupe de femmes et d’hommes qui essaient de protéger et de maintenir vivantes les recettes traditionnelles de la région maya. Profite de toutes ces saveurs !</p><h4>Informations utiles</h4><p><strong>Comprend : </strong>Différents stands de fruits, de légumes et de ragoûts traditionnels.<strong><br /></strong>Recommandations pour les touristes : Apporte de l’argent liquide.<br />Modes de paiement : Espèces.</p></div></div>

	</div>
</section><section class="fw-main-row padding-only-desktop"  >
	<div class="fw-container"  style="" id="section_1788205312920728216" data-title="Regiones">
		<div class="fw-row">
	<div class="fw-col-xs-12" style="box-sizing:border-box;">
	<div class="fw-heading fw-heading-h6 ">
		<h6 class='fw-special-title title'>Régions</h6>	</div></div></div>

<div class="fw-row">
	<div class="fw-col-xs-12" style="box-sizing:border-box;">
	  <div class="link-list">
    <a href="https://yucatantravel.epconsulting.mx/fr/?post_type=regions&p=2729">
                        <i class="icon-"></i>
                Capitale du monde maya      </a>  </div>
</div></div>

	</div>
</section></p>

<p>En face de l’église se trouve le marché Juan José Méndez, lieu emblématique de la Villa de Espita, inaugurée en 1906. Nommé d’après le premier leader politique d’Espita, originaire d’Izamal qui était apprécié pour son gouvernement et la construction de travaux publics. Il a un toit élevé qui dépasse comme une tour de château en [&hellip;]</p>

<!-- This site is optimized with the Yoast SEO plugin v28.3 - https://yoast.com/product/yoast-seo-wordpress/ -->
<title>365 saveurs au Yucatan - No. 284 Marché traditionnel d&#039;Espita</title>
<meta name="description" content="En face de l’église se trouve le marché Juan José Méndez, lieu emblématique de la Villa de Espita, inaugurée en 1906. Nommé d’après le..." />
<meta name="robots" content="index, follow, max-snippet:-1, max-image-preview:large, max-video-preview:-1" />
<link rel="canonical" href="https://yucatantravel.epconsulting.mx/sabores/284-mercado-tradicional-de-espita/" />
<meta property="og:locale" content="fr_FR" />
<meta property="og:type" content="article" />
<meta property="og:title" content="365 saveurs au Yucatan - No. 284 Marché traditionnel d&#039;Espita" />
<meta property="og:description" content="En face de l’église se trouve le marché Juan José Méndez, lieu emblématique de la Villa de Espita, inaugurée en 1906. Nommé d’après le..." />
<meta property="og:url" content="https://yucatantravel.epconsulting.mx/sabores/284-mercado-tradicional-de-espita/" />
<meta property="og:site_name" content="Yucatan.Travel" />
<meta property="article:modified_time" content="2024-03-23T23:26:09+00:00" />
<meta property="og:image" content="https://yucatantravel.epconsulting.mx/wp-content/uploads/2020/11/365-sabores-en-yucatán-Mercado-tradicional-de-Espita-4.jpg" />
	<meta property="og:image:width" content="1920" />
	<meta property="og:image:height" content="1280" />
	<meta property="og:image:type" content="image/jpeg" />
<meta name="twitter:card" content="summary_large_image" />
<meta name="twitter:label1" content="Durée de lecture estimée" />
	<meta name="twitter:data1" content="1 minute" />
<script type="application/ld+json" class="yoast-schema-graph">{"@context":"https:\/\/schema.org","@graph":[{"@type":"WebPage","@id":"https:\/\/yucatantravel.epconsulting.mx\/sabores\/284-mercado-tradicional-de-espita\/","url":"https:\/\/yucatantravel.epconsulting.mx\/sabores\/284-mercado-tradicional-de-espita\/","name":"365 saveurs au Yucatan - No. 284 Marché traditionnel d'Espita","isPartOf":{"@id":"https:\/\/yucatantravel.epconsulting.mx\/#website"},"primaryImageOfPage":{"@id":"https:\/\/yucatantravel.epconsulting.mx\/sabores\/284-mercado-tradicional-de-espita\/#primaryimage"},"image":{"@id":"https:\/\/yucatantravel.epconsulting.mx\/sabores\/284-mercado-tradicional-de-espita\/#primaryimage"},"thumbnailUrl":"https:\/\/yucatantravel.epconsulting.mx\/wp-content\/uploads\/2020\/11\/365-sabores-en-yucatán-Mercado-tradicional-de-Espita-4.jpg","datePublished":"2020-11-16T18:52:44+00:00","dateModified":"2024-03-23T23:26:09+00:00","description":"En face de l’église se trouve le marché Juan José Méndez, lieu emblématique de la Villa de Espita, inaugurée en 1906. Nommé d’après le...","breadcrumb":{"@id":"https:\/\/yucatantravel.epconsulting.mx\/sabores\/284-mercado-tradicional-de-espita\/#breadcrumb"},"inLanguage":"fr-FR","potentialAction":[{"@type":"ReadAction","target":["https:\/\/yucatantravel.epconsulting.mx\/sabores\/284-mercado-tradicional-de-espita\/"]}]},{"@type":"ImageObject","inLanguage":"fr-FR","@id":"https:\/\/yucatantravel.epconsulting.mx\/sabores\/284-mercado-tradicional-de-espita\/#primaryimage","url":"https:\/\/yucatantravel.epconsulting.mx\/wp-content\/uploads\/2020\/11\/365-sabores-en-yucatán-Mercado-tradicional-de-Espita-4.jpg","contentUrl":"https:\/\/yucatantravel.epconsulting.mx\/wp-content\/uploads\/2020\/11\/365-sabores-en-yucatán-Mercado-tradicional-de-Espita-4.jpg","width":1920,"height":1280},{"@type":"BreadcrumbList","@id":"https:\/\/yucatantravel.epconsulting.mx\/sabores\/284-mercado-tradicional-de-espita\/#breadcrumb","itemListElement":[{"@type":"ListItem","position":1,"name":"Flavors","item":"https:\/\/yucatantravel.epconsulting.mx\/sabores\/"},{"@type":"ListItem","position":2,"name":"No. 284 Marché traditionnel d&#8217;Espita"}]},{"@type":"WebSite","@id":"https:\/\/yucatantravel.epconsulting.mx\/#website","url":"https:\/\/yucatantravel.epconsulting.mx\/","name":"Yucatan.Travel","description":"Just another WordPress site","potentialAction":[{"@type":"SearchAction","target":{"@type":"EntryPoint","urlTemplate":"https:\/\/yucatantravel.epconsulting.mx\/?s={search_term_string}"},"query-input":{"@type":"PropertyValueSpecification","valueRequired":true,"valueName":"search_term_string"}}],"inLanguage":"fr-FR"}]}</script>
<!-- / Yoast SEO plugin. -->

365 saveurs au Yucatan - No. 284 Marché traditionnel d'Espita

En face de l’église se trouve le marché Juan José Méndez, lieu emblématique de la Villa de Espita, inaugurée en 1906. Nommé d’après le...

No. 284 Marché traditionnel d&#8217;Espita
