{"id":56507,"date":"2020-11-18T23:24:18","date_gmt":"2020-11-18T23:24:18","guid":{"rendered":"https:\/\/yucatantravel.epconsulting.mx\/flavor\/267-mercado-lucas-de-galvez\/"},"modified":"2024-03-23T21:30:55","modified_gmt":"2024-03-23T21:30:55","slug":"267-marche-lucas-de-galvez","status":"publish","type":"flavors","link":"https:\/\/yucatantravel.epconsulting.mx\/fr\/flavor\/267-marche-lucas-de-galvez\/","title":{"rendered":"No. 267 March\u00e9 Lucas de G\u00e1lvez"},"content":{"rendered":"<p><section class=\"fw-main-row padding-only-desktop\"  >\n\t<div class=\"fw-container\"  style=\"\" id=\"section_1788183471350262809\" data-title=\"Texto experiencia\">\n\t\t<div class=\"fw-row\">\n\t<div class=\"fw-col-xs-12\" style=\"box-sizing:border-box;\">\n\t<p>\u00c0 quelques m\u00e8tres du mus\u00e9e de la ville, sur la rue 65, se trouve le march\u00e9 Lucas de G\u00e1lvez construit en 1884 et pourvu de trois galeries. Cependant, il a \u00e9t\u00e9 officiellement inaugur\u00e9 le 16 septembre 1887 et a re\u00e7u le nom de \"Mercado de G\u00e1lvez\" en l'honneur du gouverneur Lucas de G\u00e1lvez (1739 -1792). Des ann\u00e9es plus tard, en 1909, il a \u00e9t\u00e9 d\u00e9moli et reconstruit pour donner plus d'espace aux marchands. En 1948, il a \u00e9t\u00e9 d\u00e9moli une deuxi\u00e8me fois pour l\u2019agrandir encore plus, le laissant tel que nous le connaissons aujourd'hui. Dans ce march\u00e9, tu peux acheter une vari\u00e9t\u00e9 de fruits et de l\u00e9gumes frais cultiv\u00e9s dans la r\u00e9gion, ainsi que des viandes et des \u00e9pices. Tu pourras \u00e9galement y manger les plats typiques du Yucatan, tels que les panuchos, les salbutes, le bouillon de dinde, la farce noire, le chocolomo et des gourmandises. Admire l'art incroyable des habitants dans la section consacr\u00e9e \u00e0 l'artisanat et aux v\u00eatements yucat\u00e8ques brod\u00e9s ou peints \u00e0 la main. Appr\u00e9cie les v\u00eatements, les sons et les saveurs caract\u00e9ristiques de l'\u00c9tat et de ses habitants, un endroit \u00e0 ne pas manquer !<\/p><h4>Informations utiles<\/h4><p>Comprend : Diff\u00e9rents stands de nourriture et d'artisanat yucat\u00e8que.<strong><br \/><\/strong>Recommandations aux touristes : Visiter les alentours du march\u00e9.<br \/>Moyens de paiement : Esp\u00e8ces.<br \/>Recommand\u00e9 pour : Familles, couples et personnes handicap\u00e9es.<\/p><\/div><\/div>\n\n\t<\/div>\n<\/section><section class=\"fw-main-row padding-only-desktop\"  >\n\t<div class=\"fw-container\"  style=\"\" id=\"section_1788183471554587313\" data-title=\"Regiones\">\n\t\t<div class=\"fw-row\">\n\t<div class=\"fw-col-xs-12\" style=\"box-sizing:border-box;\">\n\t<div class=\"fw-heading fw-heading-h6 \">\n\t\t<h6 class='fw-special-title title'>R\u00e9gions<\/h6>\t<\/div><\/div><\/div>\n\n<div class=\"fw-row\">\n\t<div class=\"fw-col-xs-12\" style=\"box-sizing:border-box;\">\n\t  <div class=\"link-list\">\n    <a href=\"https:\/\/yucatantravel.epconsulting.mx\/fr\/?post_type=regions&p=2735\">\n                        <i class=\"icon-\"><\/i>\n                M\u00e9rida : Capitale culturelle et gastronomique du sud-est.      <\/a>  <\/div>\n<\/div><\/div>\n\n\t<\/div>\n<\/section><\/p>\n","protected":false},"excerpt":{"rendered":"<p>\u00c0 quelques m\u00e8tres du mus\u00e9e de la ville, sur la rue 65, se trouve le march\u00e9 Lucas de G\u00e1lvez construit en 1884 et pourvu de trois galeries. Cependant, il a \u00e9t\u00e9 officiellement inaugur\u00e9 le 16 septembre 1887 et a re\u00e7u le nom de \u00ab\u00a0Mercado de G\u00e1lvez\u00a0\u00bb en l&rsquo;honneur du gouverneur Lucas de G\u00e1lvez (1739 -1792). [&hellip;]<\/p>\n","protected":false},"featured_media":47839,"template":"","class_list":["post-56507","flavors","type-flavors","status-publish","has-post-thumbnail","hentry","flav-category-region-merida-fr","flav-activities-marches-fr","flav-regions-merida-capital-cultural-y-gastronomica-del-sureste-fr","flav-cocina-traditional-flavours-fr"],"yoast_head":"<!-- This site is optimized with the Yoast SEO plugin v28.3 - https:\/\/yoast.com\/product\/yoast-seo-wordpress\/ -->\n<title>365 saveurs au Yucatan - No. 267 March\u00e9 Lucas de G\u00e1lvez<\/title>\n<meta name=\"description\" content=\"\u00c0 quelques m\u00e8tres du mus\u00e9e de la ville, sur la rue 65, se trouve le march\u00e9 Lucas de G\u00e1lvez construit en 1884 et pourvu de trois galeries.\" \/>\n<meta name=\"robots\" content=\"index, follow, max-snippet:-1, max-image-preview:large, max-video-preview:-1\" \/>\n<link rel=\"canonical\" href=\"https:\/\/yucatantravel.epconsulting.mx\/sabores\/267-mercado-lucas-de-galvez\/\" \/>\n<meta property=\"og:locale\" content=\"fr_FR\" \/>\n<meta property=\"og:type\" content=\"article\" \/>\n<meta property=\"og:title\" content=\"365 saveurs au Yucatan - No. 267 March\u00e9 Lucas de G\u00e1lvez\" \/>\n<meta property=\"og:description\" content=\"\u00c0 quelques m\u00e8tres du mus\u00e9e de la ville, sur la rue 65, se trouve le march\u00e9 Lucas de G\u00e1lvez construit en 1884 et pourvu de trois galeries.\" \/>\n<meta property=\"og:url\" content=\"https:\/\/yucatantravel.epconsulting.mx\/sabores\/267-mercado-lucas-de-galvez\/\" \/>\n<meta property=\"og:site_name\" content=\"Yucatan.Travel\" \/>\n<meta property=\"article:modified_time\" content=\"2024-03-23T21:30:55+00:00\" \/>\n<meta property=\"og:image\" content=\"https:\/\/yucatantravel.epconsulting.mx\/wp-content\/uploads\/2023\/03\/365-sabores-en-yucata\u0301n-Mercado-Lucas-de-Ga\u0301lvez-4.jpg\" \/>\n\t<meta property=\"og:image:width\" content=\"1920\" \/>\n\t<meta property=\"og:image:height\" content=\"1280\" \/>\n\t<meta property=\"og:image:type\" content=\"image\/jpeg\" \/>\n<meta name=\"twitter:card\" content=\"summary_large_image\" \/>\n<meta name=\"twitter:label1\" content=\"Dur\u00e9e de lecture estim\u00e9e\" \/>\n\t<meta name=\"twitter:data1\" content=\"2 minutes\" \/>\n<script type=\"application\/ld+json\" class=\"yoast-schema-graph\">{\"@context\":\"https:\\\/\\\/schema.org\",\"@graph\":[{\"@type\":\"WebPage\",\"@id\":\"https:\\\/\\\/yucatantravel.epconsulting.mx\\\/sabores\\\/267-mercado-lucas-de-galvez\\\/\",\"url\":\"https:\\\/\\\/yucatantravel.epconsulting.mx\\\/sabores\\\/267-mercado-lucas-de-galvez\\\/\",\"name\":\"365 saveurs au Yucatan - No. 267 March\u00e9 Lucas de G\u00e1lvez\",\"isPartOf\":{\"@id\":\"https:\\\/\\\/yucatantravel.epconsulting.mx\\\/#website\"},\"primaryImageOfPage\":{\"@id\":\"https:\\\/\\\/yucatantravel.epconsulting.mx\\\/sabores\\\/267-mercado-lucas-de-galvez\\\/#primaryimage\"},\"image\":{\"@id\":\"https:\\\/\\\/yucatantravel.epconsulting.mx\\\/sabores\\\/267-mercado-lucas-de-galvez\\\/#primaryimage\"},\"thumbnailUrl\":\"https:\\\/\\\/yucatantravel.epconsulting.mx\\\/wp-content\\\/uploads\\\/2023\\\/03\\\/365-sabores-en-yucata\u0301n-Mercado-Lucas-de-Ga\u0301lvez-4.jpg\",\"datePublished\":\"2020-11-18T23:24:18+00:00\",\"dateModified\":\"2024-03-23T21:30:55+00:00\",\"description\":\"\u00c0 quelques m\u00e8tres du mus\u00e9e de la ville, sur la rue 65, se trouve le march\u00e9 Lucas de G\u00e1lvez construit en 1884 et pourvu de trois galeries.\",\"breadcrumb\":{\"@id\":\"https:\\\/\\\/yucatantravel.epconsulting.mx\\\/sabores\\\/267-mercado-lucas-de-galvez\\\/#breadcrumb\"},\"inLanguage\":\"fr-FR\",\"potentialAction\":[{\"@type\":\"ReadAction\",\"target\":[\"https:\\\/\\\/yucatantravel.epconsulting.mx\\\/sabores\\\/267-mercado-lucas-de-galvez\\\/\"]}]},{\"@type\":\"ImageObject\",\"inLanguage\":\"fr-FR\",\"@id\":\"https:\\\/\\\/yucatantravel.epconsulting.mx\\\/sabores\\\/267-mercado-lucas-de-galvez\\\/#primaryimage\",\"url\":\"https:\\\/\\\/yucatantravel.epconsulting.mx\\\/wp-content\\\/uploads\\\/2023\\\/03\\\/365-sabores-en-yucata\u0301n-Mercado-Lucas-de-Ga\u0301lvez-4.jpg\",\"contentUrl\":\"https:\\\/\\\/yucatantravel.epconsulting.mx\\\/wp-content\\\/uploads\\\/2023\\\/03\\\/365-sabores-en-yucata\u0301n-Mercado-Lucas-de-Ga\u0301lvez-4.jpg\",\"width\":1920,\"height\":1280},{\"@type\":\"BreadcrumbList\",\"@id\":\"https:\\\/\\\/yucatantravel.epconsulting.mx\\\/sabores\\\/267-mercado-lucas-de-galvez\\\/#breadcrumb\",\"itemListElement\":[{\"@type\":\"ListItem\",\"position\":1,\"name\":\"Flavors\",\"item\":\"https:\\\/\\\/yucatantravel.epconsulting.mx\\\/sabores\\\/\"},{\"@type\":\"ListItem\",\"position\":2,\"name\":\"No. 267 March\u00e9 Lucas de G\u00e1lvez\"}]},{\"@type\":\"WebSite\",\"@id\":\"https:\\\/\\\/yucatantravel.epconsulting.mx\\\/#website\",\"url\":\"https:\\\/\\\/yucatantravel.epconsulting.mx\\\/\",\"name\":\"Yucatan.Travel\",\"description\":\"Just another WordPress site\",\"potentialAction\":[{\"@type\":\"SearchAction\",\"target\":{\"@type\":\"EntryPoint\",\"urlTemplate\":\"https:\\\/\\\/yucatantravel.epconsulting.mx\\\/?s={search_term_string}\"},\"query-input\":{\"@type\":\"PropertyValueSpecification\",\"valueRequired\":true,\"valueName\":\"search_term_string\"}}],\"inLanguage\":\"fr-FR\"}]}<\/script>\n<!-- \/ Yoast SEO plugin. -->","yoast_head_json":{"title":"365 saveurs au Yucatan - No. 267 March\u00e9 Lucas de G\u00e1lvez","description":"\u00c0 quelques m\u00e8tres du mus\u00e9e de la ville, sur la rue 65, se trouve le march\u00e9 Lucas de G\u00e1lvez construit en 1884 et pourvu de trois galeries.","robots":{"index":"index","follow":"follow","max-snippet":"max-snippet:-1","max-image-preview":"max-image-preview:large","max-video-preview":"max-video-preview:-1"},"canonical":"https:\/\/yucatantravel.epconsulting.mx\/sabores\/267-mercado-lucas-de-galvez\/","og_locale":"fr_FR","og_type":"article","og_title":"365 saveurs au Yucatan - No. 267 March\u00e9 Lucas de G\u00e1lvez","og_description":"\u00c0 quelques m\u00e8tres du mus\u00e9e de la ville, sur la rue 65, se trouve le march\u00e9 Lucas de G\u00e1lvez construit en 1884 et pourvu de trois galeries.","og_url":"https:\/\/yucatantravel.epconsulting.mx\/sabores\/267-mercado-lucas-de-galvez\/","og_site_name":"Yucatan.Travel","article_modified_time":"2024-03-23T21:30:55+00:00","og_image":[{"width":1920,"height":1280,"url":"https:\/\/yucatantravel.epconsulting.mx\/wp-content\/uploads\/2023\/03\/365-sabores-en-yucata\u0301n-Mercado-Lucas-de-Ga\u0301lvez-4.jpg","type":"image\/jpeg"}],"twitter_card":"summary_large_image","twitter_misc":{"Dur\u00e9e de lecture estim\u00e9e":"2 minutes"},"schema":{"@context":"https:\/\/schema.org","@graph":[{"@type":"WebPage","@id":"https:\/\/yucatantravel.epconsulting.mx\/sabores\/267-mercado-lucas-de-galvez\/","url":"https:\/\/yucatantravel.epconsulting.mx\/sabores\/267-mercado-lucas-de-galvez\/","name":"365 saveurs au Yucatan - No. 267 March\u00e9 Lucas de G\u00e1lvez","isPartOf":{"@id":"https:\/\/yucatantravel.epconsulting.mx\/#website"},"primaryImageOfPage":{"@id":"https:\/\/yucatantravel.epconsulting.mx\/sabores\/267-mercado-lucas-de-galvez\/#primaryimage"},"image":{"@id":"https:\/\/yucatantravel.epconsulting.mx\/sabores\/267-mercado-lucas-de-galvez\/#primaryimage"},"thumbnailUrl":"https:\/\/yucatantravel.epconsulting.mx\/wp-content\/uploads\/2023\/03\/365-sabores-en-yucata\u0301n-Mercado-Lucas-de-Ga\u0301lvez-4.jpg","datePublished":"2020-11-18T23:24:18+00:00","dateModified":"2024-03-23T21:30:55+00:00","description":"\u00c0 quelques m\u00e8tres du mus\u00e9e de la ville, sur la rue 65, se trouve le march\u00e9 Lucas de G\u00e1lvez construit en 1884 et pourvu de trois galeries.","breadcrumb":{"@id":"https:\/\/yucatantravel.epconsulting.mx\/sabores\/267-mercado-lucas-de-galvez\/#breadcrumb"},"inLanguage":"fr-FR","potentialAction":[{"@type":"ReadAction","target":["https:\/\/yucatantravel.epconsulting.mx\/sabores\/267-mercado-lucas-de-galvez\/"]}]},{"@type":"ImageObject","inLanguage":"fr-FR","@id":"https:\/\/yucatantravel.epconsulting.mx\/sabores\/267-mercado-lucas-de-galvez\/#primaryimage","url":"https:\/\/yucatantravel.epconsulting.mx\/wp-content\/uploads\/2023\/03\/365-sabores-en-yucata\u0301n-Mercado-Lucas-de-Ga\u0301lvez-4.jpg","contentUrl":"https:\/\/yucatantravel.epconsulting.mx\/wp-content\/uploads\/2023\/03\/365-sabores-en-yucata\u0301n-Mercado-Lucas-de-Ga\u0301lvez-4.jpg","width":1920,"height":1280},{"@type":"BreadcrumbList","@id":"https:\/\/yucatantravel.epconsulting.mx\/sabores\/267-mercado-lucas-de-galvez\/#breadcrumb","itemListElement":[{"@type":"ListItem","position":1,"name":"Flavors","item":"https:\/\/yucatantravel.epconsulting.mx\/sabores\/"},{"@type":"ListItem","position":2,"name":"No. 267 March\u00e9 Lucas de G\u00e1lvez"}]},{"@type":"WebSite","@id":"https:\/\/yucatantravel.epconsulting.mx\/#website","url":"https:\/\/yucatantravel.epconsulting.mx\/","name":"Yucatan.Travel","description":"Just another WordPress site","potentialAction":[{"@type":"SearchAction","target":{"@type":"EntryPoint","urlTemplate":"https:\/\/yucatantravel.epconsulting.mx\/?s={search_term_string}"},"query-input":{"@type":"PropertyValueSpecification","valueRequired":true,"valueName":"search_term_string"}}],"inLanguage":"fr-FR"}]}},"_links":{"self":[{"href":"https:\/\/yucatantravel.epconsulting.mx\/fr\/wp-json\/wp\/v2\/flavors\/56507","targetHints":{"allow":["GET"]}}],"collection":[{"href":"https:\/\/yucatantravel.epconsulting.mx\/fr\/wp-json\/wp\/v2\/flavors"}],"about":[{"href":"https:\/\/yucatantravel.epconsulting.mx\/fr\/wp-json\/wp\/v2\/types\/flavors"}],"wp:featuredmedia":[{"embeddable":true,"href":"https:\/\/yucatantravel.epconsulting.mx\/fr\/wp-json\/wp\/v2\/media\/47839"}],"wp:attachment":[{"href":"https:\/\/yucatantravel.epconsulting.mx\/fr\/wp-json\/wp\/v2\/media?parent=56507"}],"curies":[{"name":"wp","href":"https:\/\/api.w.org\/{rel}","templated":true}]}}

No. 267 Marché Lucas de Gálvez

<p><section class="fw-main-row padding-only-desktop"  >
	<div class="fw-container"  style="" id="section_1788183471350262809" data-title="Texto experiencia">
		<div class="fw-row">
	<div class="fw-col-xs-12" style="box-sizing:border-box;">
	<p>À quelques mètres du musée de la ville, sur la rue 65, se trouve le marché Lucas de Gálvez construit en 1884 et pourvu de trois galeries. Cependant, il a été officiellement inauguré le 16 septembre 1887 et a reçu le nom de "Mercado de Gálvez" en l'honneur du gouverneur Lucas de Gálvez (1739 -1792). Des années plus tard, en 1909, il a été démoli et reconstruit pour donner plus d'espace aux marchands. En 1948, il a été démoli une deuxième fois pour l’agrandir encore plus, le laissant tel que nous le connaissons aujourd'hui. Dans ce marché, tu peux acheter une variété de fruits et de légumes frais cultivés dans la région, ainsi que des viandes et des épices. Tu pourras également y manger les plats typiques du Yucatan, tels que les panuchos, les salbutes, le bouillon de dinde, la farce noire, le chocolomo et des gourmandises. Admire l'art incroyable des habitants dans la section consacrée à l'artisanat et aux vêtements yucatèques brodés ou peints à la main. Apprécie les vêtements, les sons et les saveurs caractéristiques de l'État et de ses habitants, un endroit à ne pas manquer !</p><h4>Informations utiles</h4><p>Comprend : Différents stands de nourriture et d'artisanat yucatèque.<strong><br /></strong>Recommandations aux touristes : Visiter les alentours du marché.<br />Moyens de paiement : Espèces.<br />Recommandé pour : Familles, couples et personnes handicapées.</p></div></div>

	</div>
</section><section class="fw-main-row padding-only-desktop"  >
	<div class="fw-container"  style="" id="section_1788183471554587313" data-title="Regiones">
		<div class="fw-row">
	<div class="fw-col-xs-12" style="box-sizing:border-box;">
	<div class="fw-heading fw-heading-h6 ">
		<h6 class='fw-special-title title'>Régions</h6>	</div></div></div>

<div class="fw-row">
	<div class="fw-col-xs-12" style="box-sizing:border-box;">
	  <div class="link-list">
    <a href="https://yucatantravel.epconsulting.mx/fr/?post_type=regions&p=2735">
                        <i class="icon-"></i>
                Mérida : Capitale culturelle et gastronomique du sud-est.      </a>  </div>
</div></div>

	</div>
</section></p>

<p>À quelques mètres du musée de la ville, sur la rue 65, se trouve le marché Lucas de Gálvez construit en 1884 et pourvu de trois galeries. Cependant, il a été officiellement inauguré le 16 septembre 1887 et a reçu le nom de « Mercado de Gálvez » en l&rsquo;honneur du gouverneur Lucas de Gálvez (1739 -1792). [&hellip;]</p>

<!-- This site is optimized with the Yoast SEO plugin v28.3 - https://yoast.com/product/yoast-seo-wordpress/ -->
<title>365 saveurs au Yucatan - No. 267 Marché Lucas de Gálvez</title>
<meta name="description" content="À quelques mètres du musée de la ville, sur la rue 65, se trouve le marché Lucas de Gálvez construit en 1884 et pourvu de trois galeries." />
<meta name="robots" content="index, follow, max-snippet:-1, max-image-preview:large, max-video-preview:-1" />
<link rel="canonical" href="https://yucatantravel.epconsulting.mx/sabores/267-mercado-lucas-de-galvez/" />
<meta property="og:locale" content="fr_FR" />
<meta property="og:type" content="article" />
<meta property="og:title" content="365 saveurs au Yucatan - No. 267 Marché Lucas de Gálvez" />
<meta property="og:description" content="À quelques mètres du musée de la ville, sur la rue 65, se trouve le marché Lucas de Gálvez construit en 1884 et pourvu de trois galeries." />
<meta property="og:url" content="https://yucatantravel.epconsulting.mx/sabores/267-mercado-lucas-de-galvez/" />
<meta property="og:site_name" content="Yucatan.Travel" />
<meta property="article:modified_time" content="2024-03-23T21:30:55+00:00" />
<meta property="og:image" content="https://yucatantravel.epconsulting.mx/wp-content/uploads/2023/03/365-sabores-en-yucatán-Mercado-Lucas-de-Gálvez-4.jpg" />
	<meta property="og:image:width" content="1920" />
	<meta property="og:image:height" content="1280" />
	<meta property="og:image:type" content="image/jpeg" />
<meta name="twitter:card" content="summary_large_image" />
<meta name="twitter:label1" content="Durée de lecture estimée" />
	<meta name="twitter:data1" content="2 minutes" />
<script type="application/ld+json" class="yoast-schema-graph">{"@context":"https:\/\/schema.org","@graph":[{"@type":"WebPage","@id":"https:\/\/yucatantravel.epconsulting.mx\/sabores\/267-mercado-lucas-de-galvez\/","url":"https:\/\/yucatantravel.epconsulting.mx\/sabores\/267-mercado-lucas-de-galvez\/","name":"365 saveurs au Yucatan - No. 267 Marché Lucas de Gálvez","isPartOf":{"@id":"https:\/\/yucatantravel.epconsulting.mx\/#website"},"primaryImageOfPage":{"@id":"https:\/\/yucatantravel.epconsulting.mx\/sabores\/267-mercado-lucas-de-galvez\/#primaryimage"},"image":{"@id":"https:\/\/yucatantravel.epconsulting.mx\/sabores\/267-mercado-lucas-de-galvez\/#primaryimage"},"thumbnailUrl":"https:\/\/yucatantravel.epconsulting.mx\/wp-content\/uploads\/2023\/03\/365-sabores-en-yucatán-Mercado-Lucas-de-Gálvez-4.jpg","datePublished":"2020-11-18T23:24:18+00:00","dateModified":"2024-03-23T21:30:55+00:00","description":"À quelques mètres du musée de la ville, sur la rue 65, se trouve le marché Lucas de Gálvez construit en 1884 et pourvu de trois galeries.","breadcrumb":{"@id":"https:\/\/yucatantravel.epconsulting.mx\/sabores\/267-mercado-lucas-de-galvez\/#breadcrumb"},"inLanguage":"fr-FR","potentialAction":[{"@type":"ReadAction","target":["https:\/\/yucatantravel.epconsulting.mx\/sabores\/267-mercado-lucas-de-galvez\/"]}]},{"@type":"ImageObject","inLanguage":"fr-FR","@id":"https:\/\/yucatantravel.epconsulting.mx\/sabores\/267-mercado-lucas-de-galvez\/#primaryimage","url":"https:\/\/yucatantravel.epconsulting.mx\/wp-content\/uploads\/2023\/03\/365-sabores-en-yucatán-Mercado-Lucas-de-Gálvez-4.jpg","contentUrl":"https:\/\/yucatantravel.epconsulting.mx\/wp-content\/uploads\/2023\/03\/365-sabores-en-yucatán-Mercado-Lucas-de-Gálvez-4.jpg","width":1920,"height":1280},{"@type":"BreadcrumbList","@id":"https:\/\/yucatantravel.epconsulting.mx\/sabores\/267-mercado-lucas-de-galvez\/#breadcrumb","itemListElement":[{"@type":"ListItem","position":1,"name":"Flavors","item":"https:\/\/yucatantravel.epconsulting.mx\/sabores\/"},{"@type":"ListItem","position":2,"name":"No. 267 Marché Lucas de Gálvez"}]},{"@type":"WebSite","@id":"https:\/\/yucatantravel.epconsulting.mx\/#website","url":"https:\/\/yucatantravel.epconsulting.mx\/","name":"Yucatan.Travel","description":"Just another WordPress site","potentialAction":[{"@type":"SearchAction","target":{"@type":"EntryPoint","urlTemplate":"https:\/\/yucatantravel.epconsulting.mx\/?s={search_term_string}"},"query-input":{"@type":"PropertyValueSpecification","valueRequired":true,"valueName":"search_term_string"}}],"inLanguage":"fr-FR"}]}</script>
<!-- / Yoast SEO plugin. -->

365 saveurs au Yucatan - No. 267 Marché Lucas de Gálvez

À quelques mètres du musée de la ville, sur la rue 65, se trouve le marché Lucas de Gálvez construit en 1884 et pourvu de trois galeries.
