{"id":56501,"date":"2020-11-19T22:11:13","date_gmt":"2020-11-19T22:11:13","guid":{"rendered":"https:\/\/yucatantravel.epconsulting.mx\/flavor\/261-raya-a-la-vizcaina-2\/"},"modified":"2024-03-23T20:47:20","modified_gmt":"2024-03-23T20:47:20","slug":"261-raie-a-la-vizcaina","status":"publish","type":"flavors","link":"https:\/\/yucatantravel.epconsulting.mx\/fr\/flavor\/261-raie-a-la-vizcaina\/","title":{"rendered":"No. 261 Raie \u00e0 la vizca\u00edna"},"content":{"rendered":"<p><section class=\"fw-main-row padding-only-desktop\"  >\n\t<div class=\"fw-container\"  style=\"\" id=\"section_1788183441771771103\" data-title=\"Texto experiencia\">\n\t\t<div class=\"fw-row\">\n\t<div class=\"fw-col-xs-12\" style=\"box-sizing:border-box;\">\n\t<p>Au restaurant Los Negritos, tu pourras go\u00fbter un d\u00e9licieux plat fusion, Raie \u00e0 la Vizca\u00edna(biscayenne), dont l'ingr\u00e9dient principal est le pinto ou raie manta blanche. Le therme\u00a0\u00e0 la vizcaina est un m\u00e9lange espagnol \u00e0 base de tomate, d'oignon blanc, de piment xcatik, de piment habanero et de piment doux, qui sont saut\u00e9s avec de l'huile v\u00e9g\u00e9tale. Pour pr\u00e9parer ce plat, on utilise l'\u00e9ventail de raies manta, qu\u2019on lave jusqu'\u00e0 ce que le sel de mer soit compl\u00e8tement \u00e9limin\u00e9, puis on le cuit dans de l'eau avec des feuilles d'\u00e9pazote. De la m\u00eame mani\u00e8re, on cuit la pomme de terre dans une autre casserole. Une fois que tout est cuit, on effiloche la raie et on coupe en cubes la pomme de terre, les deux ingr\u00e9dients sont m\u00e9lang\u00e9s \u00e0 la sauce et bouillis pour int\u00e9grer l\u2019ensemble. La pr\u00e9sentation du plat est un lit de raie avec des cubes de pommes de terre cuites, des bananes plantains frites et de tranches d'avocat, et pour la touche finale, du citron vert et du piment habanero. Tu peux manger ce plat toute l'ann\u00e9e au restaurant Los Negritos, situ\u00e9 \u00e0 R\u00edo Lagartos.<\/p><h4>Informations utiles<\/h4><p><strong>Comprend : <\/strong>Plats traditionnels de fruits de mer et plats fusion.<strong><br \/><\/strong>Recommandations pour les touristes : Accompagne ton plat d'une bi\u00e8re. R\u00e9serve \u00e0 l'avance, car la pr\u00e9paration du plat prend de 20 \u00e0 30 minutes.<br \/>Minimum\/maximum pax\u00a0: 1 personne \/ 250 personnes.<br \/>Modes de paiement : Esp\u00e8ces, virements bancaires et cartes bancaires.<br \/>Recommand\u00e9 pour : Familles, couples et personnes handicap\u00e9es.<br \/><strong>Contact:<\/strong>\u00a0<strong><a href=\"http:\/\/www.facebook.com\/losnegritosrestaurante?mibextid=ZbWKwL\">Facebook<\/a>.<br \/>Courriel: <\/strong>darvincito_2@hotmail.com<\/p><\/div><\/div>\n\n\t<\/div>\n<\/section><section class=\"fw-main-row padding-only-desktop\"  >\n\t<div class=\"fw-container\"  style=\"\" id=\"section_17881834412043213818\" data-title=\"Regiones\">\n\t\t<div class=\"fw-row\">\n\t<div class=\"fw-col-xs-12\" style=\"box-sizing:border-box;\">\n\t<div class=\"fw-heading fw-heading-h6 \">\n\t\t<h6 class='fw-special-title title'>R\u00e9gions<\/h6>\t<\/div><\/div><\/div>\n\n<div class=\"fw-row\">\n\t<div class=\"fw-col-xs-12\" style=\"box-sizing:border-box;\">\n\t  <div class=\"link-list\">\n    <a href=\"https:\/\/yucatantravel.epconsulting.mx\/fr\/?post_type=regions&p=2726\">\n                        <i class=\"icon-\"><\/i>\n                Port Maya      <\/a>  <\/div>\n<\/div><\/div>\n\n\t<\/div>\n<\/section><\/p>\n","protected":false},"excerpt":{"rendered":"<p>Au restaurant Los Negritos, tu pourras go\u00fbter un d\u00e9licieux plat fusion, Raie \u00e0 la Vizca\u00edna(biscayenne), dont l&rsquo;ingr\u00e9dient principal est le pinto ou raie manta blanche. Le therme\u00a0\u00e0 la vizcaina est un m\u00e9lange espagnol \u00e0 base de tomate, d&rsquo;oignon blanc, de piment xcatik, de piment habanero et de piment doux, qui sont saut\u00e9s avec de l&rsquo;huile [&hellip;]<\/p>\n","protected":false},"featured_media":47666,"template":"","class_list":["post-56501","flavors","type-flavors","status-publish","has-post-thumbnail","hentry","flav-category-puerto-maya-fr","flav-regions-puerto-maya-fr","flav-cocina-contemporary-flavours-fr"],"yoast_head":"<!-- This site is optimized with the Yoast SEO plugin v28.3 - https:\/\/yoast.com\/product\/yoast-seo-wordpress\/ -->\n<title>365 saveurs au Yucatan - No. 261 Raie \u00e0 la vizca\u00edna<\/title>\n<meta name=\"description\" content=\"Au restaurant Los Negritos, tu pourras go\u00fbter un d\u00e9licieux plat fusion, Raie \u00e0 la Vizca\u00edna(biscayenne), dont l&#039;ingr\u00e9dient principal est le...\" \/>\n<meta name=\"robots\" content=\"index, follow, max-snippet:-1, max-image-preview:large, max-video-preview:-1\" \/>\n<link rel=\"canonical\" href=\"https:\/\/yucatantravel.epconsulting.mx\/fr\/flavor\/261-raie-a-la-vizcaina\/\" \/>\n<meta property=\"og:locale\" content=\"fr_FR\" \/>\n<meta property=\"og:type\" content=\"article\" \/>\n<meta property=\"og:title\" content=\"365 saveurs au Yucatan - No. 261 Raie \u00e0 la vizca\u00edna\" \/>\n<meta property=\"og:description\" content=\"Au restaurant Los Negritos, tu pourras go\u00fbter un d\u00e9licieux plat fusion, Raie \u00e0 la Vizca\u00edna(biscayenne), dont l&#039;ingr\u00e9dient principal est le...\" \/>\n<meta property=\"og:url\" content=\"https:\/\/yucatantravel.epconsulting.mx\/fr\/flavor\/261-raie-a-la-vizcaina\/\" \/>\n<meta property=\"og:site_name\" content=\"Yucatan.Travel\" \/>\n<meta property=\"article:modified_time\" content=\"2024-03-23T20:47:20+00:00\" \/>\n<meta property=\"og:image\" content=\"https:\/\/yucatantravel.epconsulting.mx\/wp-content\/uploads\/2023\/03\/365-sabores-en-yucata\u0301n-Raya-a-la-vizcaina-2.jpg\" \/>\n\t<meta property=\"og:image:width\" content=\"1920\" \/>\n\t<meta property=\"og:image:height\" content=\"1280\" \/>\n\t<meta property=\"og:image:type\" content=\"image\/jpeg\" \/>\n<meta name=\"twitter:card\" content=\"summary_large_image\" \/>\n<meta name=\"twitter:label1\" content=\"Dur\u00e9e de lecture estim\u00e9e\" \/>\n\t<meta name=\"twitter:data1\" content=\"2 minutes\" \/>\n<script type=\"application\/ld+json\" class=\"yoast-schema-graph\">{\"@context\":\"https:\\\/\\\/schema.org\",\"@graph\":[{\"@type\":\"WebPage\",\"@id\":\"https:\\\/\\\/yucatantravel.epconsulting.mx\\\/fr\\\/flavor\\\/261-raie-a-la-vizcaina\\\/\",\"url\":\"https:\\\/\\\/yucatantravel.epconsulting.mx\\\/fr\\\/flavor\\\/261-raie-a-la-vizcaina\\\/\",\"name\":\"365 saveurs au Yucatan - No. 261 Raie \u00e0 la vizca\u00edna\",\"isPartOf\":{\"@id\":\"https:\\\/\\\/yucatantravel.epconsulting.mx\\\/#website\"},\"primaryImageOfPage\":{\"@id\":\"https:\\\/\\\/yucatantravel.epconsulting.mx\\\/fr\\\/flavor\\\/261-raie-a-la-vizcaina\\\/#primaryimage\"},\"image\":{\"@id\":\"https:\\\/\\\/yucatantravel.epconsulting.mx\\\/fr\\\/flavor\\\/261-raie-a-la-vizcaina\\\/#primaryimage\"},\"thumbnailUrl\":\"https:\\\/\\\/yucatantravel.epconsulting.mx\\\/wp-content\\\/uploads\\\/2023\\\/03\\\/365-sabores-en-yucata\u0301n-Raya-a-la-vizcaina-2.jpg\",\"datePublished\":\"2020-11-19T22:11:13+00:00\",\"dateModified\":\"2024-03-23T20:47:20+00:00\",\"description\":\"Au restaurant Los Negritos, tu pourras go\u00fbter un d\u00e9licieux plat fusion, Raie \u00e0 la Vizca\u00edna(biscayenne), dont l'ingr\u00e9dient principal est le...\",\"breadcrumb\":{\"@id\":\"https:\\\/\\\/yucatantravel.epconsulting.mx\\\/fr\\\/flavor\\\/261-raie-a-la-vizcaina\\\/#breadcrumb\"},\"inLanguage\":\"fr-FR\",\"potentialAction\":[{\"@type\":\"ReadAction\",\"target\":[\"https:\\\/\\\/yucatantravel.epconsulting.mx\\\/fr\\\/flavor\\\/261-raie-a-la-vizcaina\\\/\"]}]},{\"@type\":\"ImageObject\",\"inLanguage\":\"fr-FR\",\"@id\":\"https:\\\/\\\/yucatantravel.epconsulting.mx\\\/fr\\\/flavor\\\/261-raie-a-la-vizcaina\\\/#primaryimage\",\"url\":\"https:\\\/\\\/yucatantravel.epconsulting.mx\\\/wp-content\\\/uploads\\\/2023\\\/03\\\/365-sabores-en-yucata\u0301n-Raya-a-la-vizcaina-2.jpg\",\"contentUrl\":\"https:\\\/\\\/yucatantravel.epconsulting.mx\\\/wp-content\\\/uploads\\\/2023\\\/03\\\/365-sabores-en-yucata\u0301n-Raya-a-la-vizcaina-2.jpg\",\"width\":1920,\"height\":1280},{\"@type\":\"BreadcrumbList\",\"@id\":\"https:\\\/\\\/yucatantravel.epconsulting.mx\\\/fr\\\/flavor\\\/261-raie-a-la-vizcaina\\\/#breadcrumb\",\"itemListElement\":[{\"@type\":\"ListItem\",\"position\":1,\"name\":\"Flavors\",\"item\":\"https:\\\/\\\/yucatantravel.epconsulting.mx\\\/sabores\\\/\"},{\"@type\":\"ListItem\",\"position\":2,\"name\":\"No. 261 Raie \u00e0 la vizca\u00edna\"}]},{\"@type\":\"WebSite\",\"@id\":\"https:\\\/\\\/yucatantravel.epconsulting.mx\\\/#website\",\"url\":\"https:\\\/\\\/yucatantravel.epconsulting.mx\\\/\",\"name\":\"Yucatan.Travel\",\"description\":\"Just another WordPress site\",\"potentialAction\":[{\"@type\":\"SearchAction\",\"target\":{\"@type\":\"EntryPoint\",\"urlTemplate\":\"https:\\\/\\\/yucatantravel.epconsulting.mx\\\/?s={search_term_string}\"},\"query-input\":{\"@type\":\"PropertyValueSpecification\",\"valueRequired\":true,\"valueName\":\"search_term_string\"}}],\"inLanguage\":\"fr-FR\"}]}<\/script>\n<!-- \/ Yoast SEO plugin. -->","yoast_head_json":{"title":"365 saveurs au Yucatan - No. 261 Raie \u00e0 la vizca\u00edna","description":"Au restaurant Los Negritos, tu pourras go\u00fbter un d\u00e9licieux plat fusion, Raie \u00e0 la Vizca\u00edna(biscayenne), dont l'ingr\u00e9dient principal est le...","robots":{"index":"index","follow":"follow","max-snippet":"max-snippet:-1","max-image-preview":"max-image-preview:large","max-video-preview":"max-video-preview:-1"},"canonical":"https:\/\/yucatantravel.epconsulting.mx\/fr\/flavor\/261-raie-a-la-vizcaina\/","og_locale":"fr_FR","og_type":"article","og_title":"365 saveurs au Yucatan - No. 261 Raie \u00e0 la vizca\u00edna","og_description":"Au restaurant Los Negritos, tu pourras go\u00fbter un d\u00e9licieux plat fusion, Raie \u00e0 la Vizca\u00edna(biscayenne), dont l'ingr\u00e9dient principal est le...","og_url":"https:\/\/yucatantravel.epconsulting.mx\/fr\/flavor\/261-raie-a-la-vizcaina\/","og_site_name":"Yucatan.Travel","article_modified_time":"2024-03-23T20:47:20+00:00","og_image":[{"width":1920,"height":1280,"url":"https:\/\/yucatantravel.epconsulting.mx\/wp-content\/uploads\/2023\/03\/365-sabores-en-yucata\u0301n-Raya-a-la-vizcaina-2.jpg","type":"image\/jpeg"}],"twitter_card":"summary_large_image","twitter_misc":{"Dur\u00e9e de lecture estim\u00e9e":"2 minutes"},"schema":{"@context":"https:\/\/schema.org","@graph":[{"@type":"WebPage","@id":"https:\/\/yucatantravel.epconsulting.mx\/fr\/flavor\/261-raie-a-la-vizcaina\/","url":"https:\/\/yucatantravel.epconsulting.mx\/fr\/flavor\/261-raie-a-la-vizcaina\/","name":"365 saveurs au Yucatan - No. 261 Raie \u00e0 la vizca\u00edna","isPartOf":{"@id":"https:\/\/yucatantravel.epconsulting.mx\/#website"},"primaryImageOfPage":{"@id":"https:\/\/yucatantravel.epconsulting.mx\/fr\/flavor\/261-raie-a-la-vizcaina\/#primaryimage"},"image":{"@id":"https:\/\/yucatantravel.epconsulting.mx\/fr\/flavor\/261-raie-a-la-vizcaina\/#primaryimage"},"thumbnailUrl":"https:\/\/yucatantravel.epconsulting.mx\/wp-content\/uploads\/2023\/03\/365-sabores-en-yucata\u0301n-Raya-a-la-vizcaina-2.jpg","datePublished":"2020-11-19T22:11:13+00:00","dateModified":"2024-03-23T20:47:20+00:00","description":"Au restaurant Los Negritos, tu pourras go\u00fbter un d\u00e9licieux plat fusion, Raie \u00e0 la Vizca\u00edna(biscayenne), dont l'ingr\u00e9dient principal est le...","breadcrumb":{"@id":"https:\/\/yucatantravel.epconsulting.mx\/fr\/flavor\/261-raie-a-la-vizcaina\/#breadcrumb"},"inLanguage":"fr-FR","potentialAction":[{"@type":"ReadAction","target":["https:\/\/yucatantravel.epconsulting.mx\/fr\/flavor\/261-raie-a-la-vizcaina\/"]}]},{"@type":"ImageObject","inLanguage":"fr-FR","@id":"https:\/\/yucatantravel.epconsulting.mx\/fr\/flavor\/261-raie-a-la-vizcaina\/#primaryimage","url":"https:\/\/yucatantravel.epconsulting.mx\/wp-content\/uploads\/2023\/03\/365-sabores-en-yucata\u0301n-Raya-a-la-vizcaina-2.jpg","contentUrl":"https:\/\/yucatantravel.epconsulting.mx\/wp-content\/uploads\/2023\/03\/365-sabores-en-yucata\u0301n-Raya-a-la-vizcaina-2.jpg","width":1920,"height":1280},{"@type":"BreadcrumbList","@id":"https:\/\/yucatantravel.epconsulting.mx\/fr\/flavor\/261-raie-a-la-vizcaina\/#breadcrumb","itemListElement":[{"@type":"ListItem","position":1,"name":"Flavors","item":"https:\/\/yucatantravel.epconsulting.mx\/sabores\/"},{"@type":"ListItem","position":2,"name":"No. 261 Raie \u00e0 la vizca\u00edna"}]},{"@type":"WebSite","@id":"https:\/\/yucatantravel.epconsulting.mx\/#website","url":"https:\/\/yucatantravel.epconsulting.mx\/","name":"Yucatan.Travel","description":"Just another WordPress site","potentialAction":[{"@type":"SearchAction","target":{"@type":"EntryPoint","urlTemplate":"https:\/\/yucatantravel.epconsulting.mx\/?s={search_term_string}"},"query-input":{"@type":"PropertyValueSpecification","valueRequired":true,"valueName":"search_term_string"}}],"inLanguage":"fr-FR"}]}},"_links":{"self":[{"href":"https:\/\/yucatantravel.epconsulting.mx\/fr\/wp-json\/wp\/v2\/flavors\/56501","targetHints":{"allow":["GET"]}}],"collection":[{"href":"https:\/\/yucatantravel.epconsulting.mx\/fr\/wp-json\/wp\/v2\/flavors"}],"about":[{"href":"https:\/\/yucatantravel.epconsulting.mx\/fr\/wp-json\/wp\/v2\/types\/flavors"}],"wp:featuredmedia":[{"embeddable":true,"href":"https:\/\/yucatantravel.epconsulting.mx\/fr\/wp-json\/wp\/v2\/media\/47666"}],"wp:attachment":[{"href":"https:\/\/yucatantravel.epconsulting.mx\/fr\/wp-json\/wp\/v2\/media?parent=56501"}],"curies":[{"name":"wp","href":"https:\/\/api.w.org\/{rel}","templated":true}]}}

No. 261 Raie à la vizcaína

<p><section class="fw-main-row padding-only-desktop"  >
	<div class="fw-container"  style="" id="section_1788183441771771103" data-title="Texto experiencia">
		<div class="fw-row">
	<div class="fw-col-xs-12" style="box-sizing:border-box;">
	<p>Au restaurant Los Negritos, tu pourras goûter un délicieux plat fusion, Raie à la Vizcaína(biscayenne), dont l'ingrédient principal est le pinto ou raie manta blanche. Le therme à la vizcaina est un mélange espagnol à base de tomate, d'oignon blanc, de piment xcatik, de piment habanero et de piment doux, qui sont sautés avec de l'huile végétale. Pour préparer ce plat, on utilise l'éventail de raies manta, qu’on lave jusqu'à ce que le sel de mer soit complètement éliminé, puis on le cuit dans de l'eau avec des feuilles d'épazote. De la même manière, on cuit la pomme de terre dans une autre casserole. Une fois que tout est cuit, on effiloche la raie et on coupe en cubes la pomme de terre, les deux ingrédients sont mélangés à la sauce et bouillis pour intégrer l’ensemble. La présentation du plat est un lit de raie avec des cubes de pommes de terre cuites, des bananes plantains frites et de tranches d'avocat, et pour la touche finale, du citron vert et du piment habanero. Tu peux manger ce plat toute l'année au restaurant Los Negritos, situé à Río Lagartos.</p><h4>Informations utiles</h4><p><strong>Comprend : </strong>Plats traditionnels de fruits de mer et plats fusion.<strong><br /></strong>Recommandations pour les touristes : Accompagne ton plat d'une bière. Réserve à l'avance, car la préparation du plat prend de 20 à 30 minutes.<br />Minimum/maximum pax : 1 personne / 250 personnes.<br />Modes de paiement : Espèces, virements bancaires et cartes bancaires.<br />Recommandé pour : Familles, couples et personnes handicapées.<br /><strong>Contact:</strong> <strong><a href="http://www.facebook.com/losnegritosrestaurante?mibextid=ZbWKwL">Facebook</a>.<br />Courriel: </strong>darvincito_2@hotmail.com</p></div></div>

	</div>
</section><section class="fw-main-row padding-only-desktop"  >
	<div class="fw-container"  style="" id="section_17881834412043213818" data-title="Regiones">
		<div class="fw-row">
	<div class="fw-col-xs-12" style="box-sizing:border-box;">
	<div class="fw-heading fw-heading-h6 ">
		<h6 class='fw-special-title title'>Régions</h6>	</div></div></div>

<div class="fw-row">
	<div class="fw-col-xs-12" style="box-sizing:border-box;">
	  <div class="link-list">
    <a href="https://yucatantravel.epconsulting.mx/fr/?post_type=regions&p=2726">
                        <i class="icon-"></i>
                Port Maya      </a>  </div>
</div></div>

	</div>
</section></p>

<p>Au restaurant Los Negritos, tu pourras goûter un délicieux plat fusion, Raie à la Vizcaína(biscayenne), dont l&rsquo;ingrédient principal est le pinto ou raie manta blanche. Le therme à la vizcaina est un mélange espagnol à base de tomate, d&rsquo;oignon blanc, de piment xcatik, de piment habanero et de piment doux, qui sont sautés avec de l&rsquo;huile [&hellip;]</p>

<!-- This site is optimized with the Yoast SEO plugin v28.3 - https://yoast.com/product/yoast-seo-wordpress/ -->
<title>365 saveurs au Yucatan - No. 261 Raie à la vizcaína</title>
<meta name="description" content="Au restaurant Los Negritos, tu pourras goûter un délicieux plat fusion, Raie à la Vizcaína(biscayenne), dont l&#039;ingrédient principal est le..." />
<meta name="robots" content="index, follow, max-snippet:-1, max-image-preview:large, max-video-preview:-1" />
<link rel="canonical" href="https://yucatantravel.epconsulting.mx/fr/flavor/261-raie-a-la-vizcaina/" />
<meta property="og:locale" content="fr_FR" />
<meta property="og:type" content="article" />
<meta property="og:title" content="365 saveurs au Yucatan - No. 261 Raie à la vizcaína" />
<meta property="og:description" content="Au restaurant Los Negritos, tu pourras goûter un délicieux plat fusion, Raie à la Vizcaína(biscayenne), dont l&#039;ingrédient principal est le..." />
<meta property="og:url" content="https://yucatantravel.epconsulting.mx/fr/flavor/261-raie-a-la-vizcaina/" />
<meta property="og:site_name" content="Yucatan.Travel" />
<meta property="article:modified_time" content="2024-03-23T20:47:20+00:00" />
<meta property="og:image" content="https://yucatantravel.epconsulting.mx/wp-content/uploads/2023/03/365-sabores-en-yucatán-Raya-a-la-vizcaina-2.jpg" />
	<meta property="og:image:width" content="1920" />
	<meta property="og:image:height" content="1280" />
	<meta property="og:image:type" content="image/jpeg" />
<meta name="twitter:card" content="summary_large_image" />
<meta name="twitter:label1" content="Durée de lecture estimée" />
	<meta name="twitter:data1" content="2 minutes" />
<script type="application/ld+json" class="yoast-schema-graph">{"@context":"https:\/\/schema.org","@graph":[{"@type":"WebPage","@id":"https:\/\/yucatantravel.epconsulting.mx\/fr\/flavor\/261-raie-a-la-vizcaina\/","url":"https:\/\/yucatantravel.epconsulting.mx\/fr\/flavor\/261-raie-a-la-vizcaina\/","name":"365 saveurs au Yucatan - No. 261 Raie à la vizcaína","isPartOf":{"@id":"https:\/\/yucatantravel.epconsulting.mx\/#website"},"primaryImageOfPage":{"@id":"https:\/\/yucatantravel.epconsulting.mx\/fr\/flavor\/261-raie-a-la-vizcaina\/#primaryimage"},"image":{"@id":"https:\/\/yucatantravel.epconsulting.mx\/fr\/flavor\/261-raie-a-la-vizcaina\/#primaryimage"},"thumbnailUrl":"https:\/\/yucatantravel.epconsulting.mx\/wp-content\/uploads\/2023\/03\/365-sabores-en-yucatán-Raya-a-la-vizcaina-2.jpg","datePublished":"2020-11-19T22:11:13+00:00","dateModified":"2024-03-23T20:47:20+00:00","description":"Au restaurant Los Negritos, tu pourras goûter un délicieux plat fusion, Raie à la Vizcaína(biscayenne), dont l'ingrédient principal est le...","breadcrumb":{"@id":"https:\/\/yucatantravel.epconsulting.mx\/fr\/flavor\/261-raie-a-la-vizcaina\/#breadcrumb"},"inLanguage":"fr-FR","potentialAction":[{"@type":"ReadAction","target":["https:\/\/yucatantravel.epconsulting.mx\/fr\/flavor\/261-raie-a-la-vizcaina\/"]}]},{"@type":"ImageObject","inLanguage":"fr-FR","@id":"https:\/\/yucatantravel.epconsulting.mx\/fr\/flavor\/261-raie-a-la-vizcaina\/#primaryimage","url":"https:\/\/yucatantravel.epconsulting.mx\/wp-content\/uploads\/2023\/03\/365-sabores-en-yucatán-Raya-a-la-vizcaina-2.jpg","contentUrl":"https:\/\/yucatantravel.epconsulting.mx\/wp-content\/uploads\/2023\/03\/365-sabores-en-yucatán-Raya-a-la-vizcaina-2.jpg","width":1920,"height":1280},{"@type":"BreadcrumbList","@id":"https:\/\/yucatantravel.epconsulting.mx\/fr\/flavor\/261-raie-a-la-vizcaina\/#breadcrumb","itemListElement":[{"@type":"ListItem","position":1,"name":"Flavors","item":"https:\/\/yucatantravel.epconsulting.mx\/sabores\/"},{"@type":"ListItem","position":2,"name":"No. 261 Raie à la vizcaína"}]},{"@type":"WebSite","@id":"https:\/\/yucatantravel.epconsulting.mx\/#website","url":"https:\/\/yucatantravel.epconsulting.mx\/","name":"Yucatan.Travel","description":"Just another WordPress site","potentialAction":[{"@type":"SearchAction","target":{"@type":"EntryPoint","urlTemplate":"https:\/\/yucatantravel.epconsulting.mx\/?s={search_term_string}"},"query-input":{"@type":"PropertyValueSpecification","valueRequired":true,"valueName":"search_term_string"}}],"inLanguage":"fr-FR"}]}</script>
<!-- / Yoast SEO plugin. -->

365 saveurs au Yucatan - No. 261 Raie à la vizcaína

Au restaurant Los Negritos, tu pourras goûter un délicieux plat fusion, Raie à la Vizcaína(biscayenne), dont l'ingrédient principal est le...
