{"id":56375,"date":"2021-12-03T20:43:23","date_gmt":"2021-12-03T20:43:23","guid":{"rendered":"https:\/\/yucatantravel.epconsulting.mx\/flavor\/200-queso-relleno-negro\/"},"modified":"2024-03-23T03:43:14","modified_gmt":"2024-03-23T03:43:14","slug":"200-fromage-au-relleno-negro","status":"publish","type":"flavors","link":"https:\/\/yucatan.travel\/fr\/flavor\/200-fromage-au-relleno-negro\/","title":{"rendered":"No. 200 Fromage au relleno negro"},"content":{"rendered":"<p><section class=\"fw-main-row padding-only-desktop\"  >\n\t<div class=\"fw-container\"  style=\"\" id=\"section_178820906463473799\" data-title=\"Texto experiencia\">\n\t\t<div class=\"fw-row\">\n\t<div class=\"fw-col-xs-12\" style=\"box-sizing:border-box;\">\n\t<p>Le queso en relleno negro (fromage au condiments noirs\/carbonis\u00e9s) est apparu gr\u00e2ce \u00e0 Do\u00f1a Antonia Buenfil, il y a 65 ans, qui le pr\u00e9parait pour le vendre dans son \u00e9choppe. Elle a transmis la recette \u00e0 sa fille, la cuisini\u00e8re traditionnelle Mirna Gorocica, qui continue \u00e0 proposer ce plat aux visiteurs de Tekax. Pour le queso en relleno negro, une boule de fromage est creus\u00e9e et remplie de porc hach\u00e9 marin\u00e9 avec du recado(cube condiment\u00e9) negro maison, pr\u00e9par\u00e9 dans la cuisine de Mirna. Le recado negro est fabriqu\u00e9 \u00e0 partir de piments s\u00e9ch\u00e9s ; il est grill\u00e9 \u00e0 feu moyen et des \u00e9pices sont ajout\u00e9es pour donner du go\u00fbt. Le fromage est ensuite envelopp\u00e9 dans des feuilles de bananier et cuit avec la dinde. Le bouillon est pr\u00e9par\u00e9 avec du recado artisanal moulu pour une meilleure saveur. Une fois la dinde et le fromage cuits, ils sont retir\u00e9s de la marmite et le bouillon est utilis\u00e9 pour pr\u00e9parer le k'ool (sauce) noir, auquel on ajoute de la farine et le m\u00eame recado negro, on passe tout au mixeur et on cuit jusqu'\u00e0 l'obtention d'une consistance \u00e9paisse. La sauce tomate qui l'accompagne est pr\u00e9par\u00e9e avec des tranches de tomates, du piment doux et du piment cat, des raisins secs, des olives et de l'oignon hach\u00e9 en julienne ; on ajoute \u00e9galement du beurre et on fait cuire le tout. Pour servir, on ajoute du k'ool, deux tranches de fromage, de la viande de dinde effiloch\u00e9e et de la sauce tomate pour une meilleure pr\u00e9sentation. Visite Tekax et go\u00fbte ce d\u00e9licieux plat dans la cuisine de Mirna !<\/p><h4>Informations utiles<\/h4><p>Comprend : nourriture traditionnelle yucat\u00e8que et utilisation des installations.<br \/>Recommandations pour le touriste : Pr\u00e9voir de l'argent liquide.<br \/>Pax minimum \/ maximum : 1 personne \/ 50 personnes.<br \/>Moyens de paiement : Esp\u00e8ces.<br \/>Recommand\u00e9 pour : Familles, couples et personnes handicap\u00e9es.<br \/><strong>Contact:<\/strong>\u00a0<strong><a href=\"http:\/\/www.facebook.com\/Cocina-Mirna-Tekax-Yuc-307575316015335\">Facebook<\/a>, <a href=\"http:\/\/instagram.com\/cocina_mirna?igshid=YmMyMTA2M2Y=\">Instagram<\/a>.<\/strong><\/p><\/div><\/div>\n\n\t<\/div>\n<\/section><section class=\"fw-main-row padding-only-desktop\"  >\n\t<div class=\"fw-container\"  style=\"\" id=\"section_17882090641248545995\" data-title=\"Regiones\">\n\t\t<div class=\"fw-row\">\n\t<div class=\"fw-col-xs-12\" style=\"box-sizing:border-box;\">\n\t<div class=\"fw-heading fw-heading-h6 \">\n\t\t<h6 class='fw-special-title title'>R\u00e9gions<\/h6>\t<\/div><\/div><\/div>\n\n<div class=\"fw-row\">\n\t<div class=\"fw-col-xs-12\" style=\"box-sizing:border-box;\">\n\t  <div class=\"link-list\">\n    <a href=\"https:\/\/yucatan.travel\/fr\/?post_type=regions&p=2723\">\n                        <i class=\"icon-\"><\/i>\n                Route du Puuc et villages mayas      <\/a>  <\/div>\n<\/div><\/div>\n\n\t<\/div>\n<\/section><\/p>\n","protected":false},"excerpt":{"rendered":"<p>Le queso en relleno negro (fromage au condiments noirs\/carbonis\u00e9s) est apparu gr\u00e2ce \u00e0 Do\u00f1a Antonia Buenfil, il y a 65 ans, qui le pr\u00e9parait pour le vendre dans son \u00e9choppe. Elle a transmis la recette \u00e0 sa fille, la cuisini\u00e8re traditionnelle Mirna Gorocica, qui continue \u00e0 proposer ce plat aux visiteurs de Tekax. Pour le [&hellip;]<\/p>\n","protected":false},"featured_media":44620,"template":"","class_list":["post-56375","flavors","type-flavors","status-publish","has-post-thumbnail","hentry","flav-category-ruta-puuc-y-aldeas-mayas-fr","flav-regions-ruta-puuc-y-aldeas-mayas-fr","flav-cocina-traditional-flavours-fr"],"yoast_head":"<!-- This site is optimized with the Yoast SEO plugin v28.3 - https:\/\/yoast.com\/product\/yoast-seo-wordpress\/ -->\n<title>365 saveurs au Yucatan - No. 200 Fromage au relleno negro<\/title>\n<meta name=\"description\" content=\"Le queso en relleno negro (fromage au condiments noirs\/carbonis\u00e9s) est apparu gr\u00e2ce \u00e0 Do\u00f1a Antonia Buenfil, il y a 65 ans, qui le pr\u00e9parait...\" \/>\n<meta name=\"robots\" content=\"index, follow, max-snippet:-1, max-image-preview:large, max-video-preview:-1\" \/>\n<link rel=\"canonical\" href=\"https:\/\/yucatantravel.epconsulting.mx\/fr\/flavor\/200-fromage-au-relleno-negro\/\" \/>\n<meta property=\"og:locale\" content=\"fr_FR\" \/>\n<meta property=\"og:type\" content=\"article\" \/>\n<meta property=\"og:title\" content=\"365 saveurs au Yucatan - No. 200 Fromage au relleno negro\" \/>\n<meta property=\"og:description\" content=\"Le queso en relleno negro (fromage au condiments noirs\/carbonis\u00e9s) est apparu gr\u00e2ce \u00e0 Do\u00f1a Antonia Buenfil, il y a 65 ans, qui le pr\u00e9parait...\" \/>\n<meta property=\"og:url\" content=\"https:\/\/yucatantravel.epconsulting.mx\/fr\/flavor\/200-fromage-au-relleno-negro\/\" \/>\n<meta property=\"og:site_name\" content=\"Yucatan.Travel\" \/>\n<meta property=\"article:modified_time\" content=\"2024-03-23T03:43:14+00:00\" \/>\n<meta property=\"og:image\" content=\"https:\/\/yucatantravel.epconsulting.mx\/wp-content\/uploads\/2023\/01\/365-sabores-en-Yucata\u0301n-Queso-relleno-negro-1.jpg\" \/>\n\t<meta property=\"og:image:width\" content=\"1920\" \/>\n\t<meta property=\"og:image:height\" content=\"1536\" \/>\n\t<meta property=\"og:image:type\" content=\"image\/jpeg\" \/>\n<meta name=\"twitter:card\" content=\"summary_large_image\" \/>\n<meta name=\"twitter:label1\" content=\"Dur\u00e9e de lecture estim\u00e9e\" \/>\n\t<meta name=\"twitter:data1\" content=\"2 minutes\" \/>\n<script type=\"application\/ld+json\" class=\"yoast-schema-graph\">{\"@context\":\"https:\\\/\\\/schema.org\",\"@graph\":[{\"@type\":\"WebPage\",\"@id\":\"https:\\\/\\\/yucatantravel.epconsulting.mx\\\/fr\\\/flavor\\\/200-fromage-au-relleno-negro\\\/\",\"url\":\"https:\\\/\\\/yucatantravel.epconsulting.mx\\\/fr\\\/flavor\\\/200-fromage-au-relleno-negro\\\/\",\"name\":\"365 saveurs au Yucatan - No. 200 Fromage au relleno negro\",\"isPartOf\":{\"@id\":\"https:\\\/\\\/yucatantravel.epconsulting.mx\\\/#website\"},\"primaryImageOfPage\":{\"@id\":\"https:\\\/\\\/yucatantravel.epconsulting.mx\\\/fr\\\/flavor\\\/200-fromage-au-relleno-negro\\\/#primaryimage\"},\"image\":{\"@id\":\"https:\\\/\\\/yucatantravel.epconsulting.mx\\\/fr\\\/flavor\\\/200-fromage-au-relleno-negro\\\/#primaryimage\"},\"thumbnailUrl\":\"https:\\\/\\\/yucatan.travel\\\/wp-content\\\/uploads\\\/2023\\\/01\\\/365-sabores-en-Yucata\u0301n-Queso-relleno-negro-1.jpg\",\"datePublished\":\"2021-12-03T20:43:23+00:00\",\"dateModified\":\"2024-03-23T03:43:14+00:00\",\"description\":\"Le queso en relleno negro (fromage au condiments noirs\\\/carbonis\u00e9s) est apparu gr\u00e2ce \u00e0 Do\u00f1a Antonia Buenfil, il y a 65 ans, qui le pr\u00e9parait...\",\"breadcrumb\":{\"@id\":\"https:\\\/\\\/yucatantravel.epconsulting.mx\\\/fr\\\/flavor\\\/200-fromage-au-relleno-negro\\\/#breadcrumb\"},\"inLanguage\":\"fr-FR\",\"potentialAction\":[{\"@type\":\"ReadAction\",\"target\":[\"https:\\\/\\\/yucatantravel.epconsulting.mx\\\/fr\\\/flavor\\\/200-fromage-au-relleno-negro\\\/\"]}]},{\"@type\":\"ImageObject\",\"inLanguage\":\"fr-FR\",\"@id\":\"https:\\\/\\\/yucatantravel.epconsulting.mx\\\/fr\\\/flavor\\\/200-fromage-au-relleno-negro\\\/#primaryimage\",\"url\":\"https:\\\/\\\/yucatan.travel\\\/wp-content\\\/uploads\\\/2023\\\/01\\\/365-sabores-en-Yucata\u0301n-Queso-relleno-negro-1.jpg\",\"contentUrl\":\"https:\\\/\\\/yucatan.travel\\\/wp-content\\\/uploads\\\/2023\\\/01\\\/365-sabores-en-Yucata\u0301n-Queso-relleno-negro-1.jpg\",\"width\":1920,\"height\":1536},{\"@type\":\"BreadcrumbList\",\"@id\":\"https:\\\/\\\/yucatantravel.epconsulting.mx\\\/fr\\\/flavor\\\/200-fromage-au-relleno-negro\\\/#breadcrumb\",\"itemListElement\":[{\"@type\":\"ListItem\",\"position\":1,\"name\":\"Flavors\",\"item\":\"https:\\\/\\\/yucatantravel.epconsulting.mx\\\/sabores\\\/\"},{\"@type\":\"ListItem\",\"position\":2,\"name\":\"No. 200 Fromage au relleno negro\"}]},{\"@type\":\"WebSite\",\"@id\":\"https:\\\/\\\/yucatantravel.epconsulting.mx\\\/#website\",\"url\":\"https:\\\/\\\/yucatantravel.epconsulting.mx\\\/\",\"name\":\"Yucatan.Travel\",\"description\":\"Just another WordPress site\",\"potentialAction\":[{\"@type\":\"SearchAction\",\"target\":{\"@type\":\"EntryPoint\",\"urlTemplate\":\"https:\\\/\\\/yucatantravel.epconsulting.mx\\\/?s={search_term_string}\"},\"query-input\":{\"@type\":\"PropertyValueSpecification\",\"valueRequired\":true,\"valueName\":\"search_term_string\"}}],\"inLanguage\":\"fr-FR\"}]}<\/script>\n<!-- \/ Yoast SEO plugin. -->","yoast_head_json":{"title":"365 saveurs au Yucatan - No. 200 Fromage au relleno negro","description":"Le queso en relleno negro (fromage au condiments noirs\/carbonis\u00e9s) est apparu gr\u00e2ce \u00e0 Do\u00f1a Antonia Buenfil, il y a 65 ans, qui le pr\u00e9parait...","robots":{"index":"index","follow":"follow","max-snippet":"max-snippet:-1","max-image-preview":"max-image-preview:large","max-video-preview":"max-video-preview:-1"},"canonical":"https:\/\/yucatantravel.epconsulting.mx\/fr\/flavor\/200-fromage-au-relleno-negro\/","og_locale":"fr_FR","og_type":"article","og_title":"365 saveurs au Yucatan - No. 200 Fromage au relleno negro","og_description":"Le queso en relleno negro (fromage au condiments noirs\/carbonis\u00e9s) est apparu gr\u00e2ce \u00e0 Do\u00f1a Antonia Buenfil, il y a 65 ans, qui le pr\u00e9parait...","og_url":"https:\/\/yucatantravel.epconsulting.mx\/fr\/flavor\/200-fromage-au-relleno-negro\/","og_site_name":"Yucatan.Travel","article_modified_time":"2024-03-23T03:43:14+00:00","og_image":[{"width":1920,"height":1536,"url":"https:\/\/yucatantravel.epconsulting.mx\/wp-content\/uploads\/2023\/01\/365-sabores-en-Yucata\u0301n-Queso-relleno-negro-1.jpg","type":"image\/jpeg"}],"twitter_card":"summary_large_image","twitter_misc":{"Dur\u00e9e de lecture estim\u00e9e":"2 minutes"},"schema":{"@context":"https:\/\/schema.org","@graph":[{"@type":"WebPage","@id":"https:\/\/yucatantravel.epconsulting.mx\/fr\/flavor\/200-fromage-au-relleno-negro\/","url":"https:\/\/yucatantravel.epconsulting.mx\/fr\/flavor\/200-fromage-au-relleno-negro\/","name":"365 saveurs au Yucatan - No. 200 Fromage au relleno negro","isPartOf":{"@id":"https:\/\/yucatantravel.epconsulting.mx\/#website"},"primaryImageOfPage":{"@id":"https:\/\/yucatantravel.epconsulting.mx\/fr\/flavor\/200-fromage-au-relleno-negro\/#primaryimage"},"image":{"@id":"https:\/\/yucatantravel.epconsulting.mx\/fr\/flavor\/200-fromage-au-relleno-negro\/#primaryimage"},"thumbnailUrl":"https:\/\/yucatan.travel\/wp-content\/uploads\/2023\/01\/365-sabores-en-Yucata\u0301n-Queso-relleno-negro-1.jpg","datePublished":"2021-12-03T20:43:23+00:00","dateModified":"2024-03-23T03:43:14+00:00","description":"Le queso en relleno negro (fromage au condiments noirs\/carbonis\u00e9s) est apparu gr\u00e2ce \u00e0 Do\u00f1a Antonia Buenfil, il y a 65 ans, qui le pr\u00e9parait...","breadcrumb":{"@id":"https:\/\/yucatantravel.epconsulting.mx\/fr\/flavor\/200-fromage-au-relleno-negro\/#breadcrumb"},"inLanguage":"fr-FR","potentialAction":[{"@type":"ReadAction","target":["https:\/\/yucatantravel.epconsulting.mx\/fr\/flavor\/200-fromage-au-relleno-negro\/"]}]},{"@type":"ImageObject","inLanguage":"fr-FR","@id":"https:\/\/yucatantravel.epconsulting.mx\/fr\/flavor\/200-fromage-au-relleno-negro\/#primaryimage","url":"https:\/\/yucatan.travel\/wp-content\/uploads\/2023\/01\/365-sabores-en-Yucata\u0301n-Queso-relleno-negro-1.jpg","contentUrl":"https:\/\/yucatan.travel\/wp-content\/uploads\/2023\/01\/365-sabores-en-Yucata\u0301n-Queso-relleno-negro-1.jpg","width":1920,"height":1536},{"@type":"BreadcrumbList","@id":"https:\/\/yucatantravel.epconsulting.mx\/fr\/flavor\/200-fromage-au-relleno-negro\/#breadcrumb","itemListElement":[{"@type":"ListItem","position":1,"name":"Flavors","item":"https:\/\/yucatantravel.epconsulting.mx\/sabores\/"},{"@type":"ListItem","position":2,"name":"No. 200 Fromage au relleno negro"}]},{"@type":"WebSite","@id":"https:\/\/yucatantravel.epconsulting.mx\/#website","url":"https:\/\/yucatantravel.epconsulting.mx\/","name":"Yucatan.Travel","description":"Just another WordPress site","potentialAction":[{"@type":"SearchAction","target":{"@type":"EntryPoint","urlTemplate":"https:\/\/yucatantravel.epconsulting.mx\/?s={search_term_string}"},"query-input":{"@type":"PropertyValueSpecification","valueRequired":true,"valueName":"search_term_string"}}],"inLanguage":"fr-FR"}]}},"_links":{"self":[{"href":"https:\/\/yucatan.travel\/fr\/wp-json\/wp\/v2\/flavors\/56375","targetHints":{"allow":["GET"]}}],"collection":[{"href":"https:\/\/yucatan.travel\/fr\/wp-json\/wp\/v2\/flavors"}],"about":[{"href":"https:\/\/yucatan.travel\/fr\/wp-json\/wp\/v2\/types\/flavors"}],"wp:featuredmedia":[{"embeddable":true,"href":"https:\/\/yucatan.travel\/fr\/wp-json\/wp\/v2\/media\/44620"}],"wp:attachment":[{"href":"https:\/\/yucatan.travel\/fr\/wp-json\/wp\/v2\/media?parent=56375"}],"curies":[{"name":"wp","href":"https:\/\/api.w.org\/{rel}","templated":true}]}}

<p><section class="fw-main-row padding-only-desktop"  >
	<div class="fw-container"  style="" id="section_178820906463473799" data-title="Texto experiencia">
		<div class="fw-row">
	<div class="fw-col-xs-12" style="box-sizing:border-box;">
	<p>Le queso en relleno negro (fromage au condiments noirs/carbonisés) est apparu grâce à Doña Antonia Buenfil, il y a 65 ans, qui le préparait pour le vendre dans son échoppe. Elle a transmis la recette à sa fille, la cuisinière traditionnelle Mirna Gorocica, qui continue à proposer ce plat aux visiteurs de Tekax. Pour le queso en relleno negro, une boule de fromage est creusée et remplie de porc haché mariné avec du recado(cube condimenté) negro maison, préparé dans la cuisine de Mirna. Le recado negro est fabriqué à partir de piments séchés ; il est grillé à feu moyen et des épices sont ajoutées pour donner du goût. Le fromage est ensuite enveloppé dans des feuilles de bananier et cuit avec la dinde. Le bouillon est préparé avec du recado artisanal moulu pour une meilleure saveur. Une fois la dinde et le fromage cuits, ils sont retirés de la marmite et le bouillon est utilisé pour préparer le k'ool (sauce) noir, auquel on ajoute de la farine et le même recado negro, on passe tout au mixeur et on cuit jusqu'à l'obtention d'une consistance épaisse. La sauce tomate qui l'accompagne est préparée avec des tranches de tomates, du piment doux et du piment cat, des raisins secs, des olives et de l'oignon haché en julienne ; on ajoute également du beurre et on fait cuire le tout. Pour servir, on ajoute du k'ool, deux tranches de fromage, de la viande de dinde effilochée et de la sauce tomate pour une meilleure présentation. Visite Tekax et goûte ce délicieux plat dans la cuisine de Mirna !</p><h4>Informations utiles</h4><p>Comprend : nourriture traditionnelle yucatèque et utilisation des installations.<br />Recommandations pour le touriste : Prévoir de l'argent liquide.<br />Pax minimum / maximum : 1 personne / 50 personnes.<br />Moyens de paiement : Espèces.<br />Recommandé pour : Familles, couples et personnes handicapées.<br /><strong>Contact:</strong> <strong><a href="http://www.facebook.com/Cocina-Mirna-Tekax-Yuc-307575316015335">Facebook</a>, <a href="http://instagram.com/cocina_mirna?igshid=YmMyMTA2M2Y=">Instagram</a>.</strong></p></div></div>

	</div>
</section><section class="fw-main-row padding-only-desktop"  >
	<div class="fw-container"  style="" id="section_17882090641248545995" data-title="Regiones">
		<div class="fw-row">
	<div class="fw-col-xs-12" style="box-sizing:border-box;">
	<div class="fw-heading fw-heading-h6 ">
		<h6 class='fw-special-title title'>Régions</h6>	</div></div></div>

<div class="fw-row">
	<div class="fw-col-xs-12" style="box-sizing:border-box;">
	  <div class="link-list">
    <a href="https://yucatan.travel/fr/?post_type=regions&p=2723">
                        <i class="icon-"></i>
                Route du Puuc et villages mayas      </a>  </div>
</div></div>

	</div>
</section></p>

<p>Le queso en relleno negro (fromage au condiments noirs/carbonisés) est apparu grâce à Doña Antonia Buenfil, il y a 65 ans, qui le préparait pour le vendre dans son échoppe. Elle a transmis la recette à sa fille, la cuisinière traditionnelle Mirna Gorocica, qui continue à proposer ce plat aux visiteurs de Tekax. Pour le [&hellip;]</p>

<!-- This site is optimized with the Yoast SEO plugin v28.3 - https://yoast.com/product/yoast-seo-wordpress/ -->
<title>365 saveurs au Yucatan - No. 200 Fromage au relleno negro</title>
<meta name="description" content="Le queso en relleno negro (fromage au condiments noirs/carbonisés) est apparu grâce à Doña Antonia Buenfil, il y a 65 ans, qui le préparait..." />
<meta name="robots" content="index, follow, max-snippet:-1, max-image-preview:large, max-video-preview:-1" />
<link rel="canonical" href="https://yucatantravel.epconsulting.mx/fr/flavor/200-fromage-au-relleno-negro/" />
<meta property="og:locale" content="fr_FR" />
<meta property="og:type" content="article" />
<meta property="og:title" content="365 saveurs au Yucatan - No. 200 Fromage au relleno negro" />
<meta property="og:description" content="Le queso en relleno negro (fromage au condiments noirs/carbonisés) est apparu grâce à Doña Antonia Buenfil, il y a 65 ans, qui le préparait..." />
<meta property="og:url" content="https://yucatantravel.epconsulting.mx/fr/flavor/200-fromage-au-relleno-negro/" />
<meta property="og:site_name" content="Yucatan.Travel" />
<meta property="article:modified_time" content="2024-03-23T03:43:14+00:00" />
<meta property="og:image" content="https://yucatantravel.epconsulting.mx/wp-content/uploads/2023/01/365-sabores-en-Yucatán-Queso-relleno-negro-1.jpg" />
	<meta property="og:image:width" content="1920" />
	<meta property="og:image:height" content="1536" />
	<meta property="og:image:type" content="image/jpeg" />
<meta name="twitter:card" content="summary_large_image" />
<meta name="twitter:label1" content="Durée de lecture estimée" />
	<meta name="twitter:data1" content="2 minutes" />
<script type="application/ld+json" class="yoast-schema-graph">{"@context":"https:\/\/schema.org","@graph":[{"@type":"WebPage","@id":"https:\/\/yucatantravel.epconsulting.mx\/fr\/flavor\/200-fromage-au-relleno-negro\/","url":"https:\/\/yucatantravel.epconsulting.mx\/fr\/flavor\/200-fromage-au-relleno-negro\/","name":"365 saveurs au Yucatan - No. 200 Fromage au relleno negro","isPartOf":{"@id":"https:\/\/yucatantravel.epconsulting.mx\/#website"},"primaryImageOfPage":{"@id":"https:\/\/yucatantravel.epconsulting.mx\/fr\/flavor\/200-fromage-au-relleno-negro\/#primaryimage"},"image":{"@id":"https:\/\/yucatantravel.epconsulting.mx\/fr\/flavor\/200-fromage-au-relleno-negro\/#primaryimage"},"thumbnailUrl":"https:\/\/yucatan.travel\/wp-content\/uploads\/2023\/01\/365-sabores-en-Yucatán-Queso-relleno-negro-1.jpg","datePublished":"2021-12-03T20:43:23+00:00","dateModified":"2024-03-23T03:43:14+00:00","description":"Le queso en relleno negro (fromage au condiments noirs\/carbonisés) est apparu grâce à Doña Antonia Buenfil, il y a 65 ans, qui le préparait...","breadcrumb":{"@id":"https:\/\/yucatantravel.epconsulting.mx\/fr\/flavor\/200-fromage-au-relleno-negro\/#breadcrumb"},"inLanguage":"fr-FR","potentialAction":[{"@type":"ReadAction","target":["https:\/\/yucatantravel.epconsulting.mx\/fr\/flavor\/200-fromage-au-relleno-negro\/"]}]},{"@type":"ImageObject","inLanguage":"fr-FR","@id":"https:\/\/yucatantravel.epconsulting.mx\/fr\/flavor\/200-fromage-au-relleno-negro\/#primaryimage","url":"https:\/\/yucatan.travel\/wp-content\/uploads\/2023\/01\/365-sabores-en-Yucatán-Queso-relleno-negro-1.jpg","contentUrl":"https:\/\/yucatan.travel\/wp-content\/uploads\/2023\/01\/365-sabores-en-Yucatán-Queso-relleno-negro-1.jpg","width":1920,"height":1536},{"@type":"BreadcrumbList","@id":"https:\/\/yucatantravel.epconsulting.mx\/fr\/flavor\/200-fromage-au-relleno-negro\/#breadcrumb","itemListElement":[{"@type":"ListItem","position":1,"name":"Flavors","item":"https:\/\/yucatantravel.epconsulting.mx\/sabores\/"},{"@type":"ListItem","position":2,"name":"No. 200 Fromage au relleno negro"}]},{"@type":"WebSite","@id":"https:\/\/yucatantravel.epconsulting.mx\/#website","url":"https:\/\/yucatantravel.epconsulting.mx\/","name":"Yucatan.Travel","description":"Just another WordPress site","potentialAction":[{"@type":"SearchAction","target":{"@type":"EntryPoint","urlTemplate":"https:\/\/yucatantravel.epconsulting.mx\/?s={search_term_string}"},"query-input":{"@type":"PropertyValueSpecification","valueRequired":true,"valueName":"search_term_string"}}],"inLanguage":"fr-FR"}]}</script>
<!-- / Yoast SEO plugin. -->

Le queso en relleno negro (fromage au condiments noirs/carbonisés) est apparu grâce à Doña Antonia Buenfil, il y a 65 ans, qui le préparait...
