{"id":56072,"date":"2021-12-25T23:55:46","date_gmt":"2021-12-25T23:55:46","guid":{"rendered":"https:\/\/yucatantravel.epconsulting.mx\/flavor\/050-mercado-francisco-i-madero-de-progreso\/"},"modified":"2024-03-22T04:09:10","modified_gmt":"2024-03-22T04:09:10","slug":"050-le-marche-francisco-i-madero-de-progreso","status":"publish","type":"flavors","link":"https:\/\/yucatantravel.epconsulting.mx\/fr\/flavor\/050-le-marche-francisco-i-madero-de-progreso\/","title":{"rendered":"No. 050 Le march\u00e9 Francisco I. Madero de Progreso"},"content":{"rendered":"<p><section class=\"fw-main-row padding-only-desktop\"  >\n\t<div class=\"fw-container\"  style=\"\" id=\"section_17881834461261995224\" data-title=\"Texto experiencia\">\n\t\t<div class=\"fw-row\">\n\t<div class=\"fw-col-xs-12\" style=\"box-sizing:border-box;\">\n\t<p class=\"p1\">Le march\u00e9 municipal Francisco I. Madero du port de Progreso est situ\u00e9 sur la 80\u00e8me rue, \u00e0 deux p\u00e2t\u00e9s de maisons du Malecon de Progreso et de la plage. Le march\u00e9 est un ensemble de boutiques de toutes sortes. Il y a une grande zone de stands de nourriture o\u00f9 tu peux go\u00fbter diff\u00e9rents plats, l'un des plus demand\u00e9s est le cocktail de fruits de mer. Mais il n'y a pas que des fruits de mer, il y a aussi d'autres plats yucat\u00e8ques, comme les tacos au cochon de lait cuit au four, la cochinita pibil, les salbutes et les panuchos.<\/p><p class=\"p1\">Il y a aussi une zone o\u00f9 l'on vend des fruits et l\u00e9gumes, typique des march\u00e9s traditionnels, des boutiques de v\u00eatements, de souvenirs, de magazines, entre autres.<\/p><p class=\"p1\">N'oublie pas que le meilleur moyen de conna\u00eetre la gastronomie d'un lieu est de visiter son march\u00e9.<\/p><h4>Informations utiles<\/h4><p>Comprend : Une vari\u00e9t\u00e9 de stands de nourriture et d'ingr\u00e9dients.<br \/>Recommandations pour les touristes : Pr\u00e9voir de l'argent liquide.<br \/>Moyens de paiement : Esp\u00e8ces.<br \/>Recommand\u00e9 pour : Familles et couples.<br \/><strong>Contact:<\/strong>\u00a0<strong><a href=\"http:\/\/www.facebook.com\/mercadodeprogreso\/\">Facebook<\/a>.<\/strong><\/p><\/div><\/div>\n\n\t<\/div>\n<\/section><section class=\"fw-main-row padding-only-desktop\"  >\n\t<div class=\"fw-container\"  style=\"\" id=\"section_1788183446696316439\" data-title=\"Regiones\">\n\t\t<div class=\"fw-row\">\n\t<div class=\"fw-col-xs-12\" style=\"box-sizing:border-box;\">\n\t<div class=\"fw-heading fw-heading-h6 \">\n\t\t<h6 class='fw-special-title title'>R\u00e9gions<\/h6>\t<\/div><\/div><\/div>\n\n<div class=\"fw-row\">\n\t<div class=\"fw-col-xs-12\" style=\"box-sizing:border-box;\">\n\t  <div class=\"link-list\">\n    <a href=\"https:\/\/yucatantravel.epconsulting.mx\/fr\/region\/riviera-du-yucatan\/\">\n                        <i class=\"icon-\"><\/i>\n                Riviera du Yucat\u00e1n      <\/a>  <\/div>\n<\/div><\/div>\n\n\t<\/div>\n<\/section><\/p>\n","protected":false},"excerpt":{"rendered":"<p>Le march\u00e9 municipal Francisco I. Madero du port de Progreso est situ\u00e9 sur la 80\u00e8me rue, \u00e0 deux p\u00e2t\u00e9s de maisons du Malecon de Progreso et de la plage. Le march\u00e9 est un ensemble de boutiques de toutes sortes. Il y a une grande zone de stands de nourriture o\u00f9 tu peux go\u00fbter diff\u00e9rents plats, [&hellip;]<\/p>\n","protected":false},"featured_media":30685,"template":"","class_list":["post-56072","flavors","type-flavors","status-publish","has-post-thumbnail","hentry","flav-category-riviera-yucatan-fr","flav-activities-marches-fr","flav-regions-riviera-yucatan-fr","flav-cocina-traditional-flavours-fr"],"yoast_head":"<!-- This site is optimized with the Yoast SEO plugin v28.3 - https:\/\/yoast.com\/product\/yoast-seo-wordpress\/ -->\n<title>365 saveurs au Yucatan - No. 050 Le march\u00e9 Francisco I. Madero de Progreso<\/title>\n<meta name=\"description\" content=\"Le march\u00e9 municipal Francisco I. Madero du port de Progreso est situ\u00e9 sur la 80\u00e8me rue, \u00e0 deux p\u00e2t\u00e9s de maisons du Malecon de Progreso ...\" \/>\n<meta name=\"robots\" content=\"index, follow, max-snippet:-1, max-image-preview:large, max-video-preview:-1\" \/>\n<link rel=\"canonical\" href=\"https:\/\/yucatantravel.epconsulting.mx\/sabores\/050-mercado-francisco-i-madero-de-progreso\/\" \/>\n<meta property=\"og:locale\" content=\"fr_FR\" \/>\n<meta property=\"og:type\" content=\"article\" \/>\n<meta property=\"og:title\" content=\"365 saveurs au Yucatan - No. 050 Le march\u00e9 Francisco I. Madero de Progreso\" \/>\n<meta property=\"og:description\" content=\"Le march\u00e9 municipal Francisco I. Madero du port de Progreso est situ\u00e9 sur la 80\u00e8me rue, \u00e0 deux p\u00e2t\u00e9s de maisons du Malecon de Progreso ...\" \/>\n<meta property=\"og:url\" content=\"https:\/\/yucatantravel.epconsulting.mx\/sabores\/050-mercado-francisco-i-madero-de-progreso\/\" \/>\n<meta property=\"og:site_name\" content=\"Yucatan.Travel\" \/>\n<meta property=\"article:modified_time\" content=\"2024-03-22T04:09:10+00:00\" \/>\n<meta property=\"og:image\" content=\"https:\/\/yucatantravel.epconsulting.mx\/wp-content\/uploads\/2022\/08\/Yucata\u0301n-365-sabores-en-Yucatan-Mercado-Francisco-I-Madero-Progreso-5.jpg\" \/>\n\t<meta property=\"og:image:width\" content=\"1920\" \/>\n\t<meta property=\"og:image:height\" content=\"1080\" \/>\n\t<meta property=\"og:image:type\" content=\"image\/jpeg\" \/>\n<meta name=\"twitter:card\" content=\"summary_large_image\" \/>\n<meta name=\"twitter:label1\" content=\"Dur\u00e9e de lecture estim\u00e9e\" \/>\n\t<meta name=\"twitter:data1\" content=\"1 minute\" \/>\n<script type=\"application\/ld+json\" class=\"yoast-schema-graph\">{\"@context\":\"https:\\\/\\\/schema.org\",\"@graph\":[{\"@type\":\"WebPage\",\"@id\":\"https:\\\/\\\/yucatantravel.epconsulting.mx\\\/sabores\\\/050-mercado-francisco-i-madero-de-progreso\\\/\",\"url\":\"https:\\\/\\\/yucatantravel.epconsulting.mx\\\/sabores\\\/050-mercado-francisco-i-madero-de-progreso\\\/\",\"name\":\"365 saveurs au Yucatan - No. 050 Le march\u00e9 Francisco I. Madero de Progreso\",\"isPartOf\":{\"@id\":\"https:\\\/\\\/yucatantravel.epconsulting.mx\\\/#website\"},\"primaryImageOfPage\":{\"@id\":\"https:\\\/\\\/yucatantravel.epconsulting.mx\\\/sabores\\\/050-mercado-francisco-i-madero-de-progreso\\\/#primaryimage\"},\"image\":{\"@id\":\"https:\\\/\\\/yucatantravel.epconsulting.mx\\\/sabores\\\/050-mercado-francisco-i-madero-de-progreso\\\/#primaryimage\"},\"thumbnailUrl\":\"https:\\\/\\\/yucatantravel.epconsulting.mx\\\/wp-content\\\/uploads\\\/2022\\\/08\\\/Yucata\u0301n-365-sabores-en-Yucatan-Mercado-Francisco-I-Madero-Progreso-5.jpg\",\"datePublished\":\"2021-12-25T23:55:46+00:00\",\"dateModified\":\"2024-03-22T04:09:10+00:00\",\"description\":\"Le march\u00e9 municipal Francisco I. Madero du port de Progreso est situ\u00e9 sur la 80\u00e8me rue, \u00e0 deux p\u00e2t\u00e9s de maisons du Malecon de Progreso ...\",\"breadcrumb\":{\"@id\":\"https:\\\/\\\/yucatantravel.epconsulting.mx\\\/sabores\\\/050-mercado-francisco-i-madero-de-progreso\\\/#breadcrumb\"},\"inLanguage\":\"fr-FR\",\"potentialAction\":[{\"@type\":\"ReadAction\",\"target\":[\"https:\\\/\\\/yucatantravel.epconsulting.mx\\\/sabores\\\/050-mercado-francisco-i-madero-de-progreso\\\/\"]}]},{\"@type\":\"ImageObject\",\"inLanguage\":\"fr-FR\",\"@id\":\"https:\\\/\\\/yucatantravel.epconsulting.mx\\\/sabores\\\/050-mercado-francisco-i-madero-de-progreso\\\/#primaryimage\",\"url\":\"https:\\\/\\\/yucatantravel.epconsulting.mx\\\/wp-content\\\/uploads\\\/2022\\\/08\\\/Yucata\u0301n-365-sabores-en-Yucatan-Mercado-Francisco-I-Madero-Progreso-5.jpg\",\"contentUrl\":\"https:\\\/\\\/yucatantravel.epconsulting.mx\\\/wp-content\\\/uploads\\\/2022\\\/08\\\/Yucata\u0301n-365-sabores-en-Yucatan-Mercado-Francisco-I-Madero-Progreso-5.jpg\",\"width\":1920,\"height\":1080},{\"@type\":\"BreadcrumbList\",\"@id\":\"https:\\\/\\\/yucatantravel.epconsulting.mx\\\/sabores\\\/050-mercado-francisco-i-madero-de-progreso\\\/#breadcrumb\",\"itemListElement\":[{\"@type\":\"ListItem\",\"position\":1,\"name\":\"Flavors\",\"item\":\"https:\\\/\\\/yucatantravel.epconsulting.mx\\\/sabores\\\/\"},{\"@type\":\"ListItem\",\"position\":2,\"name\":\"No. 050 Le march\u00e9 Francisco I. Madero de Progreso\"}]},{\"@type\":\"WebSite\",\"@id\":\"https:\\\/\\\/yucatantravel.epconsulting.mx\\\/#website\",\"url\":\"https:\\\/\\\/yucatantravel.epconsulting.mx\\\/\",\"name\":\"Yucatan.Travel\",\"description\":\"Just another WordPress site\",\"potentialAction\":[{\"@type\":\"SearchAction\",\"target\":{\"@type\":\"EntryPoint\",\"urlTemplate\":\"https:\\\/\\\/yucatantravel.epconsulting.mx\\\/?s={search_term_string}\"},\"query-input\":{\"@type\":\"PropertyValueSpecification\",\"valueRequired\":true,\"valueName\":\"search_term_string\"}}],\"inLanguage\":\"fr-FR\"}]}<\/script>\n<!-- \/ Yoast SEO plugin. -->","yoast_head_json":{"title":"365 saveurs au Yucatan - No. 050 Le march\u00e9 Francisco I. Madero de Progreso","description":"Le march\u00e9 municipal Francisco I. Madero du port de Progreso est situ\u00e9 sur la 80\u00e8me rue, \u00e0 deux p\u00e2t\u00e9s de maisons du Malecon de Progreso ...","robots":{"index":"index","follow":"follow","max-snippet":"max-snippet:-1","max-image-preview":"max-image-preview:large","max-video-preview":"max-video-preview:-1"},"canonical":"https:\/\/yucatantravel.epconsulting.mx\/sabores\/050-mercado-francisco-i-madero-de-progreso\/","og_locale":"fr_FR","og_type":"article","og_title":"365 saveurs au Yucatan - No. 050 Le march\u00e9 Francisco I. Madero de Progreso","og_description":"Le march\u00e9 municipal Francisco I. Madero du port de Progreso est situ\u00e9 sur la 80\u00e8me rue, \u00e0 deux p\u00e2t\u00e9s de maisons du Malecon de Progreso ...","og_url":"https:\/\/yucatantravel.epconsulting.mx\/sabores\/050-mercado-francisco-i-madero-de-progreso\/","og_site_name":"Yucatan.Travel","article_modified_time":"2024-03-22T04:09:10+00:00","og_image":[{"width":1920,"height":1080,"url":"https:\/\/yucatantravel.epconsulting.mx\/wp-content\/uploads\/2022\/08\/Yucata\u0301n-365-sabores-en-Yucatan-Mercado-Francisco-I-Madero-Progreso-5.jpg","type":"image\/jpeg"}],"twitter_card":"summary_large_image","twitter_misc":{"Dur\u00e9e de lecture estim\u00e9e":"1 minute"},"schema":{"@context":"https:\/\/schema.org","@graph":[{"@type":"WebPage","@id":"https:\/\/yucatantravel.epconsulting.mx\/sabores\/050-mercado-francisco-i-madero-de-progreso\/","url":"https:\/\/yucatantravel.epconsulting.mx\/sabores\/050-mercado-francisco-i-madero-de-progreso\/","name":"365 saveurs au Yucatan - No. 050 Le march\u00e9 Francisco I. Madero de Progreso","isPartOf":{"@id":"https:\/\/yucatantravel.epconsulting.mx\/#website"},"primaryImageOfPage":{"@id":"https:\/\/yucatantravel.epconsulting.mx\/sabores\/050-mercado-francisco-i-madero-de-progreso\/#primaryimage"},"image":{"@id":"https:\/\/yucatantravel.epconsulting.mx\/sabores\/050-mercado-francisco-i-madero-de-progreso\/#primaryimage"},"thumbnailUrl":"https:\/\/yucatantravel.epconsulting.mx\/wp-content\/uploads\/2022\/08\/Yucata\u0301n-365-sabores-en-Yucatan-Mercado-Francisco-I-Madero-Progreso-5.jpg","datePublished":"2021-12-25T23:55:46+00:00","dateModified":"2024-03-22T04:09:10+00:00","description":"Le march\u00e9 municipal Francisco I. Madero du port de Progreso est situ\u00e9 sur la 80\u00e8me rue, \u00e0 deux p\u00e2t\u00e9s de maisons du Malecon de Progreso ...","breadcrumb":{"@id":"https:\/\/yucatantravel.epconsulting.mx\/sabores\/050-mercado-francisco-i-madero-de-progreso\/#breadcrumb"},"inLanguage":"fr-FR","potentialAction":[{"@type":"ReadAction","target":["https:\/\/yucatantravel.epconsulting.mx\/sabores\/050-mercado-francisco-i-madero-de-progreso\/"]}]},{"@type":"ImageObject","inLanguage":"fr-FR","@id":"https:\/\/yucatantravel.epconsulting.mx\/sabores\/050-mercado-francisco-i-madero-de-progreso\/#primaryimage","url":"https:\/\/yucatantravel.epconsulting.mx\/wp-content\/uploads\/2022\/08\/Yucata\u0301n-365-sabores-en-Yucatan-Mercado-Francisco-I-Madero-Progreso-5.jpg","contentUrl":"https:\/\/yucatantravel.epconsulting.mx\/wp-content\/uploads\/2022\/08\/Yucata\u0301n-365-sabores-en-Yucatan-Mercado-Francisco-I-Madero-Progreso-5.jpg","width":1920,"height":1080},{"@type":"BreadcrumbList","@id":"https:\/\/yucatantravel.epconsulting.mx\/sabores\/050-mercado-francisco-i-madero-de-progreso\/#breadcrumb","itemListElement":[{"@type":"ListItem","position":1,"name":"Flavors","item":"https:\/\/yucatantravel.epconsulting.mx\/sabores\/"},{"@type":"ListItem","position":2,"name":"No. 050 Le march\u00e9 Francisco I. Madero de Progreso"}]},{"@type":"WebSite","@id":"https:\/\/yucatantravel.epconsulting.mx\/#website","url":"https:\/\/yucatantravel.epconsulting.mx\/","name":"Yucatan.Travel","description":"Just another WordPress site","potentialAction":[{"@type":"SearchAction","target":{"@type":"EntryPoint","urlTemplate":"https:\/\/yucatantravel.epconsulting.mx\/?s={search_term_string}"},"query-input":{"@type":"PropertyValueSpecification","valueRequired":true,"valueName":"search_term_string"}}],"inLanguage":"fr-FR"}]}},"_links":{"self":[{"href":"https:\/\/yucatantravel.epconsulting.mx\/fr\/wp-json\/wp\/v2\/flavors\/56072","targetHints":{"allow":["GET"]}}],"collection":[{"href":"https:\/\/yucatantravel.epconsulting.mx\/fr\/wp-json\/wp\/v2\/flavors"}],"about":[{"href":"https:\/\/yucatantravel.epconsulting.mx\/fr\/wp-json\/wp\/v2\/types\/flavors"}],"wp:featuredmedia":[{"embeddable":true,"href":"https:\/\/yucatantravel.epconsulting.mx\/fr\/wp-json\/wp\/v2\/media\/30685"}],"wp:attachment":[{"href":"https:\/\/yucatantravel.epconsulting.mx\/fr\/wp-json\/wp\/v2\/media?parent=56072"}],"curies":[{"name":"wp","href":"https:\/\/api.w.org\/{rel}","templated":true}]}}

No. 050 Le marché Francisco I. Madero de Progreso

<p><section class="fw-main-row padding-only-desktop"  >
	<div class="fw-container"  style="" id="section_17881834461261995224" data-title="Texto experiencia">
		<div class="fw-row">
	<div class="fw-col-xs-12" style="box-sizing:border-box;">
	<p class="p1">Le marché municipal Francisco I. Madero du port de Progreso est situé sur la 80ème rue, à deux pâtés de maisons du Malecon de Progreso et de la plage. Le marché est un ensemble de boutiques de toutes sortes. Il y a une grande zone de stands de nourriture où tu peux goûter différents plats, l'un des plus demandés est le cocktail de fruits de mer. Mais il n'y a pas que des fruits de mer, il y a aussi d'autres plats yucatèques, comme les tacos au cochon de lait cuit au four, la cochinita pibil, les salbutes et les panuchos.</p><p class="p1">Il y a aussi une zone où l'on vend des fruits et légumes, typique des marchés traditionnels, des boutiques de vêtements, de souvenirs, de magazines, entre autres.</p><p class="p1">N'oublie pas que le meilleur moyen de connaître la gastronomie d'un lieu est de visiter son marché.</p><h4>Informations utiles</h4><p>Comprend : Une variété de stands de nourriture et d'ingrédients.<br />Recommandations pour les touristes : Prévoir de l'argent liquide.<br />Moyens de paiement : Espèces.<br />Recommandé pour : Familles et couples.<br /><strong>Contact:</strong> <strong><a href="http://www.facebook.com/mercadodeprogreso/">Facebook</a>.</strong></p></div></div>

	</div>
</section><section class="fw-main-row padding-only-desktop"  >
	<div class="fw-container"  style="" id="section_1788183446696316439" data-title="Regiones">
		<div class="fw-row">
	<div class="fw-col-xs-12" style="box-sizing:border-box;">
	<div class="fw-heading fw-heading-h6 ">
		<h6 class='fw-special-title title'>Régions</h6>	</div></div></div>

<div class="fw-row">
	<div class="fw-col-xs-12" style="box-sizing:border-box;">
	  <div class="link-list">
    <a href="https://yucatantravel.epconsulting.mx/fr/region/riviera-du-yucatan/">
                        <i class="icon-"></i>
                Riviera du Yucatán      </a>  </div>
</div></div>

	</div>
</section></p>

<p>Le marché municipal Francisco I. Madero du port de Progreso est situé sur la 80ème rue, à deux pâtés de maisons du Malecon de Progreso et de la plage. Le marché est un ensemble de boutiques de toutes sortes. Il y a une grande zone de stands de nourriture où tu peux goûter différents plats, [&hellip;]</p>

<!-- This site is optimized with the Yoast SEO plugin v28.3 - https://yoast.com/product/yoast-seo-wordpress/ -->
<title>365 saveurs au Yucatan - No. 050 Le marché Francisco I. Madero de Progreso</title>
<meta name="description" content="Le marché municipal Francisco I. Madero du port de Progreso est situé sur la 80ème rue, à deux pâtés de maisons du Malecon de Progreso ..." />
<meta name="robots" content="index, follow, max-snippet:-1, max-image-preview:large, max-video-preview:-1" />
<link rel="canonical" href="https://yucatantravel.epconsulting.mx/sabores/050-mercado-francisco-i-madero-de-progreso/" />
<meta property="og:locale" content="fr_FR" />
<meta property="og:type" content="article" />
<meta property="og:title" content="365 saveurs au Yucatan - No. 050 Le marché Francisco I. Madero de Progreso" />
<meta property="og:description" content="Le marché municipal Francisco I. Madero du port de Progreso est situé sur la 80ème rue, à deux pâtés de maisons du Malecon de Progreso ..." />
<meta property="og:url" content="https://yucatantravel.epconsulting.mx/sabores/050-mercado-francisco-i-madero-de-progreso/" />
<meta property="og:site_name" content="Yucatan.Travel" />
<meta property="article:modified_time" content="2024-03-22T04:09:10+00:00" />
<meta property="og:image" content="https://yucatantravel.epconsulting.mx/wp-content/uploads/2022/08/Yucatán-365-sabores-en-Yucatan-Mercado-Francisco-I-Madero-Progreso-5.jpg" />
	<meta property="og:image:width" content="1920" />
	<meta property="og:image:height" content="1080" />
	<meta property="og:image:type" content="image/jpeg" />
<meta name="twitter:card" content="summary_large_image" />
<meta name="twitter:label1" content="Durée de lecture estimée" />
	<meta name="twitter:data1" content="1 minute" />
<script type="application/ld+json" class="yoast-schema-graph">{"@context":"https:\/\/schema.org","@graph":[{"@type":"WebPage","@id":"https:\/\/yucatantravel.epconsulting.mx\/sabores\/050-mercado-francisco-i-madero-de-progreso\/","url":"https:\/\/yucatantravel.epconsulting.mx\/sabores\/050-mercado-francisco-i-madero-de-progreso\/","name":"365 saveurs au Yucatan - No. 050 Le marché Francisco I. Madero de Progreso","isPartOf":{"@id":"https:\/\/yucatantravel.epconsulting.mx\/#website"},"primaryImageOfPage":{"@id":"https:\/\/yucatantravel.epconsulting.mx\/sabores\/050-mercado-francisco-i-madero-de-progreso\/#primaryimage"},"image":{"@id":"https:\/\/yucatantravel.epconsulting.mx\/sabores\/050-mercado-francisco-i-madero-de-progreso\/#primaryimage"},"thumbnailUrl":"https:\/\/yucatantravel.epconsulting.mx\/wp-content\/uploads\/2022\/08\/Yucatán-365-sabores-en-Yucatan-Mercado-Francisco-I-Madero-Progreso-5.jpg","datePublished":"2021-12-25T23:55:46+00:00","dateModified":"2024-03-22T04:09:10+00:00","description":"Le marché municipal Francisco I. Madero du port de Progreso est situé sur la 80ème rue, à deux pâtés de maisons du Malecon de Progreso ...","breadcrumb":{"@id":"https:\/\/yucatantravel.epconsulting.mx\/sabores\/050-mercado-francisco-i-madero-de-progreso\/#breadcrumb"},"inLanguage":"fr-FR","potentialAction":[{"@type":"ReadAction","target":["https:\/\/yucatantravel.epconsulting.mx\/sabores\/050-mercado-francisco-i-madero-de-progreso\/"]}]},{"@type":"ImageObject","inLanguage":"fr-FR","@id":"https:\/\/yucatantravel.epconsulting.mx\/sabores\/050-mercado-francisco-i-madero-de-progreso\/#primaryimage","url":"https:\/\/yucatantravel.epconsulting.mx\/wp-content\/uploads\/2022\/08\/Yucatán-365-sabores-en-Yucatan-Mercado-Francisco-I-Madero-Progreso-5.jpg","contentUrl":"https:\/\/yucatantravel.epconsulting.mx\/wp-content\/uploads\/2022\/08\/Yucatán-365-sabores-en-Yucatan-Mercado-Francisco-I-Madero-Progreso-5.jpg","width":1920,"height":1080},{"@type":"BreadcrumbList","@id":"https:\/\/yucatantravel.epconsulting.mx\/sabores\/050-mercado-francisco-i-madero-de-progreso\/#breadcrumb","itemListElement":[{"@type":"ListItem","position":1,"name":"Flavors","item":"https:\/\/yucatantravel.epconsulting.mx\/sabores\/"},{"@type":"ListItem","position":2,"name":"No. 050 Le marché Francisco I. Madero de Progreso"}]},{"@type":"WebSite","@id":"https:\/\/yucatantravel.epconsulting.mx\/#website","url":"https:\/\/yucatantravel.epconsulting.mx\/","name":"Yucatan.Travel","description":"Just another WordPress site","potentialAction":[{"@type":"SearchAction","target":{"@type":"EntryPoint","urlTemplate":"https:\/\/yucatantravel.epconsulting.mx\/?s={search_term_string}"},"query-input":{"@type":"PropertyValueSpecification","valueRequired":true,"valueName":"search_term_string"}}],"inLanguage":"fr-FR"}]}</script>
<!-- / Yoast SEO plugin. -->

365 saveurs au Yucatan - No. 050 Le marché Francisco I. Madero de Progreso

Le marché municipal Francisco I. Madero du port de Progreso est situé sur la 80ème rue, à deux pâtés de maisons du Malecon de Progreso ...
