{"id":60098,"date":"2021-01-24T22:00:41","date_gmt":"2021-01-24T22:00:41","guid":{"rendered":"https:\/\/yucatantravel.epconsulting.mx\/experience\/226-le-cirque-literatura-centro-cultural\/"},"modified":"2024-04-23T18:54:15","modified_gmt":"2024-04-23T18:54:15","slug":"226-centre-culturel-litteraire-le-cirque","status":"publish","type":"experiences","link":"https:\/\/yucatantravel.epconsulting.mx\/fr\/experience\/226-centre-culturel-litteraire-le-cirque\/","title":{"rendered":"No. 226 Centre culturel litt\u00e9raire Le cirque"},"content":{"rendered":"<p><section class=\"fw-main-row padding-only-desktop\"  >\n\t<div class=\"fw-container\"  style=\"\" id=\"section_1788183429917268696\" data-title=\"Texto experiencia\">\n\t\t<div class=\"fw-row\">\n\t<div class=\"fw-col-xs-12\" style=\"box-sizing:border-box;\">\n\t<p>On sait que la litt\u00e9rature est importante de nos jours et du fait que la consommation d'\u0153uvres physiques contribue non seulement \u00e0 la tradition de tenir un livre entre nos mains et de lire, mais aussi au soutien durable du travail litt\u00e9raire. Depuis son ouverture en 2013, Le Cirque Galer\u00eda Centro Cultural a promu la pr\u00e9sentation d'\u0153uvres litt\u00e9raires d'\u00e9crivains locaux, nationaux et latino-am\u00e9ricains, ainsi que la promotion d'ateliers de nouvelles et de po\u00e9sie, de causeries litt\u00e9raires, d'hommages et de reconnaissance du travail et de la trajectoire des \u00e9crivains. En 2018, ils se sont charg\u00e9s de promouvoir la c\u00e9l\u00e9bration de la Journ\u00e9e mondiale du livre et du droit d'auteur pour tous les \u00e9crivains autog\u00e9r\u00e9s, afin que cet espace culturel puisse servir de point de vente pour les \u0153uvres litt\u00e9raires locales.<\/p><\/div><\/div>\n\n\t<\/div>\n<\/section><section class=\"fw-main-row padding-only-desktop\"  >\n\t<div class=\"fw-container\"  style=\"\" id=\"section_17881834291822692284\" data-title=\"Regiones\">\n\t\t<div class=\"fw-row\">\n\t<div class=\"fw-col-xs-12\" style=\"box-sizing:border-box;\">\n\t<div class=\"fw-heading fw-heading-h6 \">\n\t\t<h6 class='fw-special-title title'>R\u00e9gions<\/h6>\t<\/div><\/div><\/div>\n\n<div class=\"fw-row\">\n\t<div class=\"fw-col-xs-12\" style=\"box-sizing:border-box;\">\n\t  <div class=\"link-list\">\n    <a href=\"https:\/\/yucatantravel.epconsulting.mx\/fr\/?post_type=regions&p=2735\">\n                        <i class=\"icon-\"><\/i>\n                M\u00e9rida : capitale culturelle et gastronomique du Sud-Est      <\/a>  <\/div>\n<\/div><\/div>\n\n\t<\/div>\n<\/section><section class=\"fw-main-row \"  >\n\t<div class=\"fw-container\"  style=\"\" id=\"section_1788183429304724248\" data-title=\"Actividades principales\">\n\t\t<div class=\"fw-row\">\n\t<div class=\"fw-col-xs-12\" style=\"box-sizing:border-box;\">\n\t<div class=\"fw-heading fw-heading-h6 \">\n\t\t<h6 class='fw-special-title title'>Principales activit\u00e9s<\/h6>\t<\/div><\/div><\/div>\n\n<div class=\"fw-row\">\n\t<div class=\"fw-col-xs-12\" style=\"box-sizing:border-box;\">\n\t  <div class=\"link-list\">\n    <a href=\"https:\/\/yucatantravel.epconsulting.mx\/fr\/culture\/\">\n                        <i class=\"icon- icon-pueblos-magicos\"><\/i>\n                Culture      <\/a>  <\/div>\n<\/div><\/div>\n\n\t<\/div>\n<\/section><\/p>\n","protected":false},"excerpt":{"rendered":"<p>On sait que la litt\u00e9rature est importante de nos jours et du fait que la consommation d&rsquo;\u0153uvres physiques contribue non seulement \u00e0 la tradition de tenir un livre entre nos mains et de lire, mais aussi au soutien durable du travail litt\u00e9raire. Depuis son ouverture en 2013, Le Cirque Galer\u00eda Centro Cultural a promu la [&hellip;]<\/p>\n","protected":false},"featured_media":23752,"template":"","class_list":["post-60098","experiences","type-experiences","status-publish","has-post-thumbnail","hentry","exp-category-region-merida-fr","exp-travels-cultural-fr","exp-regions-merida-capital-cultural-y-gastronomica-del-sureste-fr","exp-schedules-morning-fr","exp-schedules-afternoon-fr"],"yoast_head":"<!-- This site is optimized with the Yoast SEO plugin v28.3 - https:\/\/yoast.com\/product\/yoast-seo-wordpress\/ -->\n<title>365 jours au Yucatan - No. 226 Centre culturel litt\u00e9raire Le cirque<\/title>\n<meta name=\"description\" content=\"Le Cirque Galer\u00eda Centro Cultural promeut la pr\u00e9sentation d&#039;\u0153uvres litt\u00e9raires d&#039;\u00e9crivains locaux, nationaux et latino-am\u00e9ricains.\" \/>\n<meta name=\"robots\" content=\"index, follow, max-snippet:-1, max-image-preview:large, max-video-preview:-1\" \/>\n<link rel=\"canonical\" href=\"https:\/\/yucatantravel.epconsulting.mx\/fr\/experience\/226-centre-culturel-litteraire-le-cirque\/\" \/>\n<meta property=\"og:locale\" content=\"fr_FR\" \/>\n<meta property=\"og:type\" content=\"article\" \/>\n<meta property=\"og:title\" content=\"365 jours au Yucatan - No. 226 Centre culturel litt\u00e9raire Le cirque\" \/>\n<meta property=\"og:description\" content=\"Le Cirque Galer\u00eda Centro Cultural promeut la pr\u00e9sentation d&#039;\u0153uvres litt\u00e9raires d&#039;\u00e9crivains locaux, nationaux et latino-am\u00e9ricains.\" \/>\n<meta property=\"og:url\" content=\"https:\/\/yucatantravel.epconsulting.mx\/fr\/experience\/226-centre-culturel-litteraire-le-cirque\/\" \/>\n<meta property=\"og:site_name\" content=\"Yucatan.Travel\" \/>\n<meta property=\"article:modified_time\" content=\"2024-04-23T18:54:15+00:00\" \/>\n<meta property=\"og:image\" content=\"https:\/\/yucatantravel.epconsulting.mx\/wp-content\/uploads\/2021\/11\/Foto-2-Le-cirque-literatura-Centro-cultural.jpg\" \/>\n\t<meta property=\"og:image:width\" content=\"2048\" \/>\n\t<meta property=\"og:image:height\" content=\"1152\" \/>\n\t<meta property=\"og:image:type\" content=\"image\/jpeg\" \/>\n<meta name=\"twitter:card\" content=\"summary_large_image\" \/>\n<meta name=\"twitter:label1\" content=\"Dur\u00e9e de lecture estim\u00e9e\" \/>\n\t<meta name=\"twitter:data1\" content=\"1 minute\" \/>\n<script type=\"application\/ld+json\" class=\"yoast-schema-graph\">{\"@context\":\"https:\\\/\\\/schema.org\",\"@graph\":[{\"@type\":\"WebPage\",\"@id\":\"https:\\\/\\\/yucatantravel.epconsulting.mx\\\/fr\\\/experience\\\/226-centre-culturel-litteraire-le-cirque\\\/\",\"url\":\"https:\\\/\\\/yucatantravel.epconsulting.mx\\\/fr\\\/experience\\\/226-centre-culturel-litteraire-le-cirque\\\/\",\"name\":\"365 jours au Yucatan - No. 226 Centre culturel litt\u00e9raire Le cirque\",\"isPartOf\":{\"@id\":\"https:\\\/\\\/yucatantravel.epconsulting.mx\\\/#website\"},\"primaryImageOfPage\":{\"@id\":\"https:\\\/\\\/yucatantravel.epconsulting.mx\\\/fr\\\/experience\\\/226-centre-culturel-litteraire-le-cirque\\\/#primaryimage\"},\"image\":{\"@id\":\"https:\\\/\\\/yucatantravel.epconsulting.mx\\\/fr\\\/experience\\\/226-centre-culturel-litteraire-le-cirque\\\/#primaryimage\"},\"thumbnailUrl\":\"https:\\\/\\\/yucatantravel.epconsulting.mx\\\/wp-content\\\/uploads\\\/2021\\\/11\\\/Foto-2-Le-cirque-literatura-Centro-cultural.jpg\",\"datePublished\":\"2021-01-24T22:00:41+00:00\",\"dateModified\":\"2024-04-23T18:54:15+00:00\",\"description\":\"Le Cirque Galer\u00eda Centro Cultural promeut la pr\u00e9sentation d'\u0153uvres litt\u00e9raires d'\u00e9crivains locaux, nationaux et latino-am\u00e9ricains.\",\"breadcrumb\":{\"@id\":\"https:\\\/\\\/yucatantravel.epconsulting.mx\\\/fr\\\/experience\\\/226-centre-culturel-litteraire-le-cirque\\\/#breadcrumb\"},\"inLanguage\":\"fr-FR\",\"potentialAction\":[{\"@type\":\"ReadAction\",\"target\":[\"https:\\\/\\\/yucatantravel.epconsulting.mx\\\/fr\\\/experience\\\/226-centre-culturel-litteraire-le-cirque\\\/\"]}]},{\"@type\":\"ImageObject\",\"inLanguage\":\"fr-FR\",\"@id\":\"https:\\\/\\\/yucatantravel.epconsulting.mx\\\/fr\\\/experience\\\/226-centre-culturel-litteraire-le-cirque\\\/#primaryimage\",\"url\":\"https:\\\/\\\/yucatantravel.epconsulting.mx\\\/wp-content\\\/uploads\\\/2021\\\/11\\\/Foto-2-Le-cirque-literatura-Centro-cultural.jpg\",\"contentUrl\":\"https:\\\/\\\/yucatantravel.epconsulting.mx\\\/wp-content\\\/uploads\\\/2021\\\/11\\\/Foto-2-Le-cirque-literatura-Centro-cultural.jpg\",\"width\":2048,\"height\":1152},{\"@type\":\"BreadcrumbList\",\"@id\":\"https:\\\/\\\/yucatantravel.epconsulting.mx\\\/fr\\\/experience\\\/226-centre-culturel-litteraire-le-cirque\\\/#breadcrumb\",\"itemListElement\":[{\"@type\":\"ListItem\",\"position\":1,\"name\":\"Experiencias\",\"item\":\"https:\\\/\\\/yucatantravel.epconsulting.mx\\\/en\\\/experience\\\/\"},{\"@type\":\"ListItem\",\"position\":2,\"name\":\"No. 226 Centre culturel litt\u00e9raire Le cirque\"}]},{\"@type\":\"WebSite\",\"@id\":\"https:\\\/\\\/yucatantravel.epconsulting.mx\\\/#website\",\"url\":\"https:\\\/\\\/yucatantravel.epconsulting.mx\\\/\",\"name\":\"Yucatan.Travel\",\"description\":\"Just another WordPress site\",\"potentialAction\":[{\"@type\":\"SearchAction\",\"target\":{\"@type\":\"EntryPoint\",\"urlTemplate\":\"https:\\\/\\\/yucatantravel.epconsulting.mx\\\/?s={search_term_string}\"},\"query-input\":{\"@type\":\"PropertyValueSpecification\",\"valueRequired\":true,\"valueName\":\"search_term_string\"}}],\"inLanguage\":\"fr-FR\"}]}<\/script>\n<!-- \/ Yoast SEO plugin. -->","yoast_head_json":{"title":"365 jours au Yucatan - No. 226 Centre culturel litt\u00e9raire Le cirque","description":"Le Cirque Galer\u00eda Centro Cultural promeut la pr\u00e9sentation d'\u0153uvres litt\u00e9raires d'\u00e9crivains locaux, nationaux et latino-am\u00e9ricains.","robots":{"index":"index","follow":"follow","max-snippet":"max-snippet:-1","max-image-preview":"max-image-preview:large","max-video-preview":"max-video-preview:-1"},"canonical":"https:\/\/yucatantravel.epconsulting.mx\/fr\/experience\/226-centre-culturel-litteraire-le-cirque\/","og_locale":"fr_FR","og_type":"article","og_title":"365 jours au Yucatan - No. 226 Centre culturel litt\u00e9raire Le cirque","og_description":"Le Cirque Galer\u00eda Centro Cultural promeut la pr\u00e9sentation d'\u0153uvres litt\u00e9raires d'\u00e9crivains locaux, nationaux et latino-am\u00e9ricains.","og_url":"https:\/\/yucatantravel.epconsulting.mx\/fr\/experience\/226-centre-culturel-litteraire-le-cirque\/","og_site_name":"Yucatan.Travel","article_modified_time":"2024-04-23T18:54:15+00:00","og_image":[{"width":2048,"height":1152,"url":"https:\/\/yucatantravel.epconsulting.mx\/wp-content\/uploads\/2021\/11\/Foto-2-Le-cirque-literatura-Centro-cultural.jpg","type":"image\/jpeg"}],"twitter_card":"summary_large_image","twitter_misc":{"Dur\u00e9e de lecture estim\u00e9e":"1 minute"},"schema":{"@context":"https:\/\/schema.org","@graph":[{"@type":"WebPage","@id":"https:\/\/yucatantravel.epconsulting.mx\/fr\/experience\/226-centre-culturel-litteraire-le-cirque\/","url":"https:\/\/yucatantravel.epconsulting.mx\/fr\/experience\/226-centre-culturel-litteraire-le-cirque\/","name":"365 jours au Yucatan - No. 226 Centre culturel litt\u00e9raire Le cirque","isPartOf":{"@id":"https:\/\/yucatantravel.epconsulting.mx\/#website"},"primaryImageOfPage":{"@id":"https:\/\/yucatantravel.epconsulting.mx\/fr\/experience\/226-centre-culturel-litteraire-le-cirque\/#primaryimage"},"image":{"@id":"https:\/\/yucatantravel.epconsulting.mx\/fr\/experience\/226-centre-culturel-litteraire-le-cirque\/#primaryimage"},"thumbnailUrl":"https:\/\/yucatantravel.epconsulting.mx\/wp-content\/uploads\/2021\/11\/Foto-2-Le-cirque-literatura-Centro-cultural.jpg","datePublished":"2021-01-24T22:00:41+00:00","dateModified":"2024-04-23T18:54:15+00:00","description":"Le Cirque Galer\u00eda Centro Cultural promeut la pr\u00e9sentation d'\u0153uvres litt\u00e9raires d'\u00e9crivains locaux, nationaux et latino-am\u00e9ricains.","breadcrumb":{"@id":"https:\/\/yucatantravel.epconsulting.mx\/fr\/experience\/226-centre-culturel-litteraire-le-cirque\/#breadcrumb"},"inLanguage":"fr-FR","potentialAction":[{"@type":"ReadAction","target":["https:\/\/yucatantravel.epconsulting.mx\/fr\/experience\/226-centre-culturel-litteraire-le-cirque\/"]}]},{"@type":"ImageObject","inLanguage":"fr-FR","@id":"https:\/\/yucatantravel.epconsulting.mx\/fr\/experience\/226-centre-culturel-litteraire-le-cirque\/#primaryimage","url":"https:\/\/yucatantravel.epconsulting.mx\/wp-content\/uploads\/2021\/11\/Foto-2-Le-cirque-literatura-Centro-cultural.jpg","contentUrl":"https:\/\/yucatantravel.epconsulting.mx\/wp-content\/uploads\/2021\/11\/Foto-2-Le-cirque-literatura-Centro-cultural.jpg","width":2048,"height":1152},{"@type":"BreadcrumbList","@id":"https:\/\/yucatantravel.epconsulting.mx\/fr\/experience\/226-centre-culturel-litteraire-le-cirque\/#breadcrumb","itemListElement":[{"@type":"ListItem","position":1,"name":"Experiencias","item":"https:\/\/yucatantravel.epconsulting.mx\/en\/experience\/"},{"@type":"ListItem","position":2,"name":"No. 226 Centre culturel litt\u00e9raire Le cirque"}]},{"@type":"WebSite","@id":"https:\/\/yucatantravel.epconsulting.mx\/#website","url":"https:\/\/yucatantravel.epconsulting.mx\/","name":"Yucatan.Travel","description":"Just another WordPress site","potentialAction":[{"@type":"SearchAction","target":{"@type":"EntryPoint","urlTemplate":"https:\/\/yucatantravel.epconsulting.mx\/?s={search_term_string}"},"query-input":{"@type":"PropertyValueSpecification","valueRequired":true,"valueName":"search_term_string"}}],"inLanguage":"fr-FR"}]}},"_links":{"self":[{"href":"https:\/\/yucatantravel.epconsulting.mx\/fr\/wp-json\/wp\/v2\/experiences\/60098","targetHints":{"allow":["GET"]}}],"collection":[{"href":"https:\/\/yucatantravel.epconsulting.mx\/fr\/wp-json\/wp\/v2\/experiences"}],"about":[{"href":"https:\/\/yucatantravel.epconsulting.mx\/fr\/wp-json\/wp\/v2\/types\/experiences"}],"wp:featuredmedia":[{"embeddable":true,"href":"https:\/\/yucatantravel.epconsulting.mx\/fr\/wp-json\/wp\/v2\/media\/23752"}],"wp:attachment":[{"href":"https:\/\/yucatantravel.epconsulting.mx\/fr\/wp-json\/wp\/v2\/media?parent=60098"}],"curies":[{"name":"wp","href":"https:\/\/api.w.org\/{rel}","templated":true}]}}

No. 226 Centre culturel littéraire Le cirque

<p><section class="fw-main-row padding-only-desktop"  >
	<div class="fw-container"  style="" id="section_1788183429917268696" data-title="Texto experiencia">
		<div class="fw-row">
	<div class="fw-col-xs-12" style="box-sizing:border-box;">
	<p>On sait que la littérature est importante de nos jours et du fait que la consommation d'œuvres physiques contribue non seulement à la tradition de tenir un livre entre nos mains et de lire, mais aussi au soutien durable du travail littéraire. Depuis son ouverture en 2013, Le Cirque Galería Centro Cultural a promu la présentation d'œuvres littéraires d'écrivains locaux, nationaux et latino-américains, ainsi que la promotion d'ateliers de nouvelles et de poésie, de causeries littéraires, d'hommages et de reconnaissance du travail et de la trajectoire des écrivains. En 2018, ils se sont chargés de promouvoir la célébration de la Journée mondiale du livre et du droit d'auteur pour tous les écrivains autogérés, afin que cet espace culturel puisse servir de point de vente pour les œuvres littéraires locales.</p></div></div>

	</div>
</section><section class="fw-main-row padding-only-desktop"  >
	<div class="fw-container"  style="" id="section_17881834291822692284" data-title="Regiones">
		<div class="fw-row">
	<div class="fw-col-xs-12" style="box-sizing:border-box;">
	<div class="fw-heading fw-heading-h6 ">
		<h6 class='fw-special-title title'>Régions</h6>	</div></div></div>

<div class="fw-row">
	<div class="fw-col-xs-12" style="box-sizing:border-box;">
	  <div class="link-list">
    <a href="https://yucatantravel.epconsulting.mx/fr/?post_type=regions&p=2735">
                        <i class="icon-"></i>
                Mérida : capitale culturelle et gastronomique du Sud-Est      </a>  </div>
</div></div>

	</div>
</section><section class="fw-main-row "  >
	<div class="fw-container"  style="" id="section_1788183429304724248" data-title="Actividades principales">
		<div class="fw-row">
	<div class="fw-col-xs-12" style="box-sizing:border-box;">
	<div class="fw-heading fw-heading-h6 ">
		<h6 class='fw-special-title title'>Principales activités</h6>	</div></div></div>

<div class="fw-row">
	<div class="fw-col-xs-12" style="box-sizing:border-box;">
	  <div class="link-list">
    <a href="https://yucatantravel.epconsulting.mx/fr/culture/">
                        <i class="icon- icon-pueblos-magicos"></i>
                Culture      </a>  </div>
</div></div>

	</div>
</section></p>

<p>On sait que la littérature est importante de nos jours et du fait que la consommation d&rsquo;œuvres physiques contribue non seulement à la tradition de tenir un livre entre nos mains et de lire, mais aussi au soutien durable du travail littéraire. Depuis son ouverture en 2013, Le Cirque Galería Centro Cultural a promu la [&hellip;]</p>

<!-- This site is optimized with the Yoast SEO plugin v28.3 - https://yoast.com/product/yoast-seo-wordpress/ -->
<title>365 jours au Yucatan - No. 226 Centre culturel littéraire Le cirque</title>
<meta name="description" content="Le Cirque Galería Centro Cultural promeut la présentation d&#039;œuvres littéraires d&#039;écrivains locaux, nationaux et latino-américains." />
<meta name="robots" content="index, follow, max-snippet:-1, max-image-preview:large, max-video-preview:-1" />
<link rel="canonical" href="https://yucatantravel.epconsulting.mx/fr/experience/226-centre-culturel-litteraire-le-cirque/" />
<meta property="og:locale" content="fr_FR" />
<meta property="og:type" content="article" />
<meta property="og:title" content="365 jours au Yucatan - No. 226 Centre culturel littéraire Le cirque" />
<meta property="og:description" content="Le Cirque Galería Centro Cultural promeut la présentation d&#039;œuvres littéraires d&#039;écrivains locaux, nationaux et latino-américains." />
<meta property="og:url" content="https://yucatantravel.epconsulting.mx/fr/experience/226-centre-culturel-litteraire-le-cirque/" />
<meta property="og:site_name" content="Yucatan.Travel" />
<meta property="article:modified_time" content="2024-04-23T18:54:15+00:00" />
<meta property="og:image" content="https://yucatantravel.epconsulting.mx/wp-content/uploads/2021/11/Foto-2-Le-cirque-literatura-Centro-cultural.jpg" />
	<meta property="og:image:width" content="2048" />
	<meta property="og:image:height" content="1152" />
	<meta property="og:image:type" content="image/jpeg" />
<meta name="twitter:card" content="summary_large_image" />
<meta name="twitter:label1" content="Durée de lecture estimée" />
	<meta name="twitter:data1" content="1 minute" />
<script type="application/ld+json" class="yoast-schema-graph">{"@context":"https:\/\/schema.org","@graph":[{"@type":"WebPage","@id":"https:\/\/yucatantravel.epconsulting.mx\/fr\/experience\/226-centre-culturel-litteraire-le-cirque\/","url":"https:\/\/yucatantravel.epconsulting.mx\/fr\/experience\/226-centre-culturel-litteraire-le-cirque\/","name":"365 jours au Yucatan - No. 226 Centre culturel littéraire Le cirque","isPartOf":{"@id":"https:\/\/yucatantravel.epconsulting.mx\/#website"},"primaryImageOfPage":{"@id":"https:\/\/yucatantravel.epconsulting.mx\/fr\/experience\/226-centre-culturel-litteraire-le-cirque\/#primaryimage"},"image":{"@id":"https:\/\/yucatantravel.epconsulting.mx\/fr\/experience\/226-centre-culturel-litteraire-le-cirque\/#primaryimage"},"thumbnailUrl":"https:\/\/yucatantravel.epconsulting.mx\/wp-content\/uploads\/2021\/11\/Foto-2-Le-cirque-literatura-Centro-cultural.jpg","datePublished":"2021-01-24T22:00:41+00:00","dateModified":"2024-04-23T18:54:15+00:00","description":"Le Cirque Galería Centro Cultural promeut la présentation d'œuvres littéraires d'écrivains locaux, nationaux et latino-américains.","breadcrumb":{"@id":"https:\/\/yucatantravel.epconsulting.mx\/fr\/experience\/226-centre-culturel-litteraire-le-cirque\/#breadcrumb"},"inLanguage":"fr-FR","potentialAction":[{"@type":"ReadAction","target":["https:\/\/yucatantravel.epconsulting.mx\/fr\/experience\/226-centre-culturel-litteraire-le-cirque\/"]}]},{"@type":"ImageObject","inLanguage":"fr-FR","@id":"https:\/\/yucatantravel.epconsulting.mx\/fr\/experience\/226-centre-culturel-litteraire-le-cirque\/#primaryimage","url":"https:\/\/yucatantravel.epconsulting.mx\/wp-content\/uploads\/2021\/11\/Foto-2-Le-cirque-literatura-Centro-cultural.jpg","contentUrl":"https:\/\/yucatantravel.epconsulting.mx\/wp-content\/uploads\/2021\/11\/Foto-2-Le-cirque-literatura-Centro-cultural.jpg","width":2048,"height":1152},{"@type":"BreadcrumbList","@id":"https:\/\/yucatantravel.epconsulting.mx\/fr\/experience\/226-centre-culturel-litteraire-le-cirque\/#breadcrumb","itemListElement":[{"@type":"ListItem","position":1,"name":"Experiencias","item":"https:\/\/yucatantravel.epconsulting.mx\/en\/experience\/"},{"@type":"ListItem","position":2,"name":"No. 226 Centre culturel littéraire Le cirque"}]},{"@type":"WebSite","@id":"https:\/\/yucatantravel.epconsulting.mx\/#website","url":"https:\/\/yucatantravel.epconsulting.mx\/","name":"Yucatan.Travel","description":"Just another WordPress site","potentialAction":[{"@type":"SearchAction","target":{"@type":"EntryPoint","urlTemplate":"https:\/\/yucatantravel.epconsulting.mx\/?s={search_term_string}"},"query-input":{"@type":"PropertyValueSpecification","valueRequired":true,"valueName":"search_term_string"}}],"inLanguage":"fr-FR"}]}</script>
<!-- / Yoast SEO plugin. -->

365 jours au Yucatan - No. 226 Centre culturel littéraire Le cirque

Le Cirque Galería Centro Cultural promeut la présentation d'œuvres littéraires d'écrivains locaux, nationaux et latino-américains.
