{"id":54892,"date":"2020-11-27T23:54:10","date_gmt":"2020-11-27T23:54:10","guid":{"rendered":"https:\/\/yucatantravel.epconsulting.mx\/flavor\/246-polcan-vegano-con-verduras-y-sikilpak\/"},"modified":"2024-02-22T18:20:50","modified_gmt":"2024-02-22T18:20:50","slug":"246-vegan-polcan-with-vegetables-and-sikilpak","status":"publish","type":"flavors","link":"https:\/\/yucatantravel.epconsulting.mx\/en\/flavor\/246-vegan-polcan-with-vegetables-and-sikilpak\/","title":{"rendered":"No. 246 Vegan Polc\u00e1n: with Vegetables and Sikilpak"},"content":{"rendered":"<p><section class=\"fw-main-row padding-only-desktop\"  >\n\t<div class=\"fw-container\"  style=\"\" id=\"section_17881955172124554326\" data-title=\"Texto experiencia\">\n\t\t<div class=\"fw-row\">\n\t<div class=\"fw-col-xs-12\" style=\"box-sizing:border-box;\">\n\t<p>The vegan Polc\u00e1n emerges through the Polc\u00e1n Fair, which aims to make this dish a gastronomic icon representing Pist\u00e9, where it took place in September 2022. Choko Coffee was awarded first place for innovating this dish with a vegan twist. It is prepared with white corn masa shaped into an oval with a filling of white beans and sikilpak. It is then fried with vegetable oil until golden on the outside. Once ready, it is opened in the middle to add the filling, which consists of a mix of diced saut\u00e9ed vegetables such as chayote and carrot. It is served with purple onion and roasted tamulated chilli for a flavorful experience. This well-thought-out dish aims to cater to vegans and vegetarians as well. It is for everyone, so don't miss trying it at Choko Coffee in Pist\u00e9 or at Yaxkin restaurant in Xocempich.<\/p><h4>Details of interest:<\/h4><p>Recommendations for tourists: Try the Polc\u00e1n during your visit to Pist\u00e9.<br \/>Payment methods: Cash, cards, and bank transfers.<br \/>Recommended for: Families, couples, and people with disabilities.<br \/><strong>Contact:<\/strong>\u00a0<strong><a href=\"http:\/\/www.facebook.com\/choko.coffe?mibextid=ZbWKwL\">Facebook<\/a>, <a href=\"http:\/\/instagram.com\/cafeteria_chokocoffee?igshid=YmMyMTA2M2Y=\">Instagram<\/a>.<\/strong><\/p><\/div><\/div>\n\n\t<\/div>\n<\/section><section class=\"fw-main-row padding-only-desktop\"  >\n\t<div class=\"fw-container\"  style=\"\" id=\"section_17881955171024152556\" data-title=\"Regiones\">\n\t\t<div class=\"fw-row\">\n\t<div class=\"fw-col-xs-12\" style=\"box-sizing:border-box;\">\n\t<div class=\"fw-heading fw-heading-h6 \">\n\t\t<h6 class='fw-special-title title'>Regions<\/h6>\t<\/div><\/div><\/div>\n\n<div class=\"fw-row\">\n\t<div class=\"fw-col-xs-12\" style=\"box-sizing:border-box;\">\n\t  <div class=\"link-list\">\n    <a href=\"https:\/\/yucatantravel.epconsulting.mx\/en\/?post_type=regions&p=5784\">\n                        <i class=\"icon-\"><\/i>\n                Mayan World Capital      <\/a>  <\/div>\n<\/div><\/div>\n\n\t<\/div>\n<\/section><\/p>\n","protected":false},"excerpt":{"rendered":"<p>The vegan Polc\u00e1n emerges through the Polc\u00e1n Fair, which aims to make this dish a gastronomic icon representing Pist\u00e9, where it took place in September 2022. Choko Coffee was awarded first place for innovating this dish with a vegan twist. It is prepared with white corn masa shaped into an oval with a filling of [&hellip;]<\/p>\n","protected":false},"featured_media":46934,"template":"","class_list":["post-54892","flavors","type-flavors","status-publish","has-post-thumbnail","hentry","flav-cocina-contemporary-flavours"],"yoast_head":"<!-- This site is optimized with the Yoast SEO plugin v28.3 - https:\/\/yoast.com\/product\/yoast-seo-wordpress\/ -->\n<title>365 Flavors in Yucat\u00e1n - No. 246 Vegan Polc\u00e1n: with Vegetables and Sikilpak<\/title>\n<meta name=\"description\" content=\"El polc\u00e1n vegano surge a trav\u00e9s de La Feria del Polc\u00e1n, la cual tiene como objetivo que este platillo se vuelva un \u00edcono gastron\u00f3mico que represente a Pist\u00e9; lugar donde fue llevada a cabo, en septiembre de 2022.\" \/>\n<meta name=\"robots\" content=\"index, follow, max-snippet:-1, max-image-preview:large, max-video-preview:-1\" \/>\n<link rel=\"canonical\" href=\"https:\/\/yucatantravel.epconsulting.mx\/en\/flavor\/246-vegan-polcan-with-vegetables-and-sikilpak\/\" \/>\n<meta property=\"og:locale\" content=\"en_US\" \/>\n<meta property=\"og:type\" content=\"article\" \/>\n<meta property=\"og:title\" content=\"365 Flavors in Yucat\u00e1n - No. 246 Vegan Polc\u00e1n: with Vegetables and Sikilpak\" \/>\n<meta property=\"og:description\" content=\"El polc\u00e1n vegano surge a trav\u00e9s de La Feria del Polc\u00e1n, la cual tiene como objetivo que este platillo se vuelva un \u00edcono gastron\u00f3mico que represente a Pist\u00e9; lugar donde fue llevada a cabo, en septiembre de 2022.\" \/>\n<meta property=\"og:url\" content=\"https:\/\/yucatantravel.epconsulting.mx\/en\/flavor\/246-vegan-polcan-with-vegetables-and-sikilpak\/\" \/>\n<meta property=\"og:site_name\" content=\"Yucatan.Travel\" \/>\n<meta property=\"article:modified_time\" content=\"2024-02-22T18:20:50+00:00\" \/>\n<meta property=\"og:image\" content=\"https:\/\/yucatantravel.epconsulting.mx\/wp-content\/uploads\/2023\/02\/365-sabores-en-yucata\u0301n-Polca\u0301n-vegano-con-verduras-y-sikilpak-4.jpg\" \/>\n\t<meta property=\"og:image:width\" content=\"1920\" \/>\n\t<meta property=\"og:image:height\" content=\"1280\" \/>\n\t<meta property=\"og:image:type\" content=\"image\/jpeg\" \/>\n<meta name=\"twitter:card\" content=\"summary_large_image\" \/>\n<meta name=\"twitter:label1\" content=\"Est. reading time\" \/>\n\t<meta name=\"twitter:data1\" content=\"2 minutes\" \/>\n<script type=\"application\/ld+json\" class=\"yoast-schema-graph\">{\"@context\":\"https:\\\/\\\/schema.org\",\"@graph\":[{\"@type\":\"WebPage\",\"@id\":\"https:\\\/\\\/yucatantravel.epconsulting.mx\\\/en\\\/flavor\\\/246-vegan-polcan-with-vegetables-and-sikilpak\\\/\",\"url\":\"https:\\\/\\\/yucatantravel.epconsulting.mx\\\/en\\\/flavor\\\/246-vegan-polcan-with-vegetables-and-sikilpak\\\/\",\"name\":\"365 Flavors in Yucat\u00e1n - No. 246 Vegan Polc\u00e1n: with Vegetables and Sikilpak\",\"isPartOf\":{\"@id\":\"https:\\\/\\\/yucatantravel.epconsulting.mx\\\/#website\"},\"primaryImageOfPage\":{\"@id\":\"https:\\\/\\\/yucatantravel.epconsulting.mx\\\/en\\\/flavor\\\/246-vegan-polcan-with-vegetables-and-sikilpak\\\/#primaryimage\"},\"image\":{\"@id\":\"https:\\\/\\\/yucatantravel.epconsulting.mx\\\/en\\\/flavor\\\/246-vegan-polcan-with-vegetables-and-sikilpak\\\/#primaryimage\"},\"thumbnailUrl\":\"https:\\\/\\\/yucatantravel.epconsulting.mx\\\/wp-content\\\/uploads\\\/2023\\\/02\\\/365-sabores-en-yucata\u0301n-Polca\u0301n-vegano-con-verduras-y-sikilpak-4.jpg\",\"datePublished\":\"2020-11-27T23:54:10+00:00\",\"dateModified\":\"2024-02-22T18:20:50+00:00\",\"description\":\"El polc\u00e1n vegano surge a trav\u00e9s de La Feria del Polc\u00e1n, la cual tiene como objetivo que este platillo se vuelva un \u00edcono gastron\u00f3mico que represente a Pist\u00e9; lugar donde fue llevada a cabo, en septiembre de 2022.\",\"breadcrumb\":{\"@id\":\"https:\\\/\\\/yucatantravel.epconsulting.mx\\\/en\\\/flavor\\\/246-vegan-polcan-with-vegetables-and-sikilpak\\\/#breadcrumb\"},\"inLanguage\":\"en-US\",\"potentialAction\":[{\"@type\":\"ReadAction\",\"target\":[\"https:\\\/\\\/yucatantravel.epconsulting.mx\\\/en\\\/flavor\\\/246-vegan-polcan-with-vegetables-and-sikilpak\\\/\"]}]},{\"@type\":\"ImageObject\",\"inLanguage\":\"en-US\",\"@id\":\"https:\\\/\\\/yucatantravel.epconsulting.mx\\\/en\\\/flavor\\\/246-vegan-polcan-with-vegetables-and-sikilpak\\\/#primaryimage\",\"url\":\"https:\\\/\\\/yucatantravel.epconsulting.mx\\\/wp-content\\\/uploads\\\/2023\\\/02\\\/365-sabores-en-yucata\u0301n-Polca\u0301n-vegano-con-verduras-y-sikilpak-4.jpg\",\"contentUrl\":\"https:\\\/\\\/yucatantravel.epconsulting.mx\\\/wp-content\\\/uploads\\\/2023\\\/02\\\/365-sabores-en-yucata\u0301n-Polca\u0301n-vegano-con-verduras-y-sikilpak-4.jpg\",\"width\":1920,\"height\":1280},{\"@type\":\"BreadcrumbList\",\"@id\":\"https:\\\/\\\/yucatantravel.epconsulting.mx\\\/en\\\/flavor\\\/246-vegan-polcan-with-vegetables-and-sikilpak\\\/#breadcrumb\",\"itemListElement\":[{\"@type\":\"ListItem\",\"position\":1,\"name\":\"Flavors\",\"item\":\"https:\\\/\\\/yucatantravel.epconsulting.mx\\\/sabores\\\/\"},{\"@type\":\"ListItem\",\"position\":2,\"name\":\"No. 246 Vegan Polc\u00e1n: with Vegetables and Sikilpak\"}]},{\"@type\":\"WebSite\",\"@id\":\"https:\\\/\\\/yucatantravel.epconsulting.mx\\\/#website\",\"url\":\"https:\\\/\\\/yucatantravel.epconsulting.mx\\\/\",\"name\":\"Yucatan.Travel\",\"description\":\"Just another WordPress site\",\"potentialAction\":[{\"@type\":\"SearchAction\",\"target\":{\"@type\":\"EntryPoint\",\"urlTemplate\":\"https:\\\/\\\/yucatantravel.epconsulting.mx\\\/?s={search_term_string}\"},\"query-input\":{\"@type\":\"PropertyValueSpecification\",\"valueRequired\":true,\"valueName\":\"search_term_string\"}}],\"inLanguage\":\"en-US\"}]}<\/script>\n<!-- \/ Yoast SEO plugin. -->","yoast_head_json":{"title":"365 Flavors in Yucat\u00e1n - No. 246 Vegan Polc\u00e1n: with Vegetables and Sikilpak","description":"El polc\u00e1n vegano surge a trav\u00e9s de La Feria del Polc\u00e1n, la cual tiene como objetivo que este platillo se vuelva un \u00edcono gastron\u00f3mico que represente a Pist\u00e9; lugar donde fue llevada a cabo, en septiembre de 2022.","robots":{"index":"index","follow":"follow","max-snippet":"max-snippet:-1","max-image-preview":"max-image-preview:large","max-video-preview":"max-video-preview:-1"},"canonical":"https:\/\/yucatantravel.epconsulting.mx\/en\/flavor\/246-vegan-polcan-with-vegetables-and-sikilpak\/","og_locale":"en_US","og_type":"article","og_title":"365 Flavors in Yucat\u00e1n - No. 246 Vegan Polc\u00e1n: with Vegetables and Sikilpak","og_description":"El polc\u00e1n vegano surge a trav\u00e9s de La Feria del Polc\u00e1n, la cual tiene como objetivo que este platillo se vuelva un \u00edcono gastron\u00f3mico que represente a Pist\u00e9; lugar donde fue llevada a cabo, en septiembre de 2022.","og_url":"https:\/\/yucatantravel.epconsulting.mx\/en\/flavor\/246-vegan-polcan-with-vegetables-and-sikilpak\/","og_site_name":"Yucatan.Travel","article_modified_time":"2024-02-22T18:20:50+00:00","og_image":[{"width":1920,"height":1280,"url":"https:\/\/yucatantravel.epconsulting.mx\/wp-content\/uploads\/2023\/02\/365-sabores-en-yucata\u0301n-Polca\u0301n-vegano-con-verduras-y-sikilpak-4.jpg","type":"image\/jpeg"}],"twitter_card":"summary_large_image","twitter_misc":{"Est. reading time":"2 minutes"},"schema":{"@context":"https:\/\/schema.org","@graph":[{"@type":"WebPage","@id":"https:\/\/yucatantravel.epconsulting.mx\/en\/flavor\/246-vegan-polcan-with-vegetables-and-sikilpak\/","url":"https:\/\/yucatantravel.epconsulting.mx\/en\/flavor\/246-vegan-polcan-with-vegetables-and-sikilpak\/","name":"365 Flavors in Yucat\u00e1n - No. 246 Vegan Polc\u00e1n: with Vegetables and Sikilpak","isPartOf":{"@id":"https:\/\/yucatantravel.epconsulting.mx\/#website"},"primaryImageOfPage":{"@id":"https:\/\/yucatantravel.epconsulting.mx\/en\/flavor\/246-vegan-polcan-with-vegetables-and-sikilpak\/#primaryimage"},"image":{"@id":"https:\/\/yucatantravel.epconsulting.mx\/en\/flavor\/246-vegan-polcan-with-vegetables-and-sikilpak\/#primaryimage"},"thumbnailUrl":"https:\/\/yucatantravel.epconsulting.mx\/wp-content\/uploads\/2023\/02\/365-sabores-en-yucata\u0301n-Polca\u0301n-vegano-con-verduras-y-sikilpak-4.jpg","datePublished":"2020-11-27T23:54:10+00:00","dateModified":"2024-02-22T18:20:50+00:00","description":"El polc\u00e1n vegano surge a trav\u00e9s de La Feria del Polc\u00e1n, la cual tiene como objetivo que este platillo se vuelva un \u00edcono gastron\u00f3mico que represente a Pist\u00e9; lugar donde fue llevada a cabo, en septiembre de 2022.","breadcrumb":{"@id":"https:\/\/yucatantravel.epconsulting.mx\/en\/flavor\/246-vegan-polcan-with-vegetables-and-sikilpak\/#breadcrumb"},"inLanguage":"en-US","potentialAction":[{"@type":"ReadAction","target":["https:\/\/yucatantravel.epconsulting.mx\/en\/flavor\/246-vegan-polcan-with-vegetables-and-sikilpak\/"]}]},{"@type":"ImageObject","inLanguage":"en-US","@id":"https:\/\/yucatantravel.epconsulting.mx\/en\/flavor\/246-vegan-polcan-with-vegetables-and-sikilpak\/#primaryimage","url":"https:\/\/yucatantravel.epconsulting.mx\/wp-content\/uploads\/2023\/02\/365-sabores-en-yucata\u0301n-Polca\u0301n-vegano-con-verduras-y-sikilpak-4.jpg","contentUrl":"https:\/\/yucatantravel.epconsulting.mx\/wp-content\/uploads\/2023\/02\/365-sabores-en-yucata\u0301n-Polca\u0301n-vegano-con-verduras-y-sikilpak-4.jpg","width":1920,"height":1280},{"@type":"BreadcrumbList","@id":"https:\/\/yucatantravel.epconsulting.mx\/en\/flavor\/246-vegan-polcan-with-vegetables-and-sikilpak\/#breadcrumb","itemListElement":[{"@type":"ListItem","position":1,"name":"Flavors","item":"https:\/\/yucatantravel.epconsulting.mx\/sabores\/"},{"@type":"ListItem","position":2,"name":"No. 246 Vegan Polc\u00e1n: with Vegetables and Sikilpak"}]},{"@type":"WebSite","@id":"https:\/\/yucatantravel.epconsulting.mx\/#website","url":"https:\/\/yucatantravel.epconsulting.mx\/","name":"Yucatan.Travel","description":"Just another WordPress site","potentialAction":[{"@type":"SearchAction","target":{"@type":"EntryPoint","urlTemplate":"https:\/\/yucatantravel.epconsulting.mx\/?s={search_term_string}"},"query-input":{"@type":"PropertyValueSpecification","valueRequired":true,"valueName":"search_term_string"}}],"inLanguage":"en-US"}]}},"_links":{"self":[{"href":"https:\/\/yucatantravel.epconsulting.mx\/en\/wp-json\/wp\/v2\/flavors\/54892","targetHints":{"allow":["GET"]}}],"collection":[{"href":"https:\/\/yucatantravel.epconsulting.mx\/en\/wp-json\/wp\/v2\/flavors"}],"about":[{"href":"https:\/\/yucatantravel.epconsulting.mx\/en\/wp-json\/wp\/v2\/types\/flavors"}],"wp:featuredmedia":[{"embeddable":true,"href":"https:\/\/yucatantravel.epconsulting.mx\/en\/wp-json\/wp\/v2\/media\/46934"}],"wp:attachment":[{"href":"https:\/\/yucatantravel.epconsulting.mx\/en\/wp-json\/wp\/v2\/media?parent=54892"}],"curies":[{"name":"wp","href":"https:\/\/api.w.org\/{rel}","templated":true}]}}

No. 246 Vegan Polcán: with Vegetables and Sikilpak

<p><section class="fw-main-row padding-only-desktop"  >
	<div class="fw-container"  style="" id="section_17881955172124554326" data-title="Texto experiencia">
		<div class="fw-row">
	<div class="fw-col-xs-12" style="box-sizing:border-box;">
	<p>The vegan Polcán emerges through the Polcán Fair, which aims to make this dish a gastronomic icon representing Pisté, where it took place in September 2022. Choko Coffee was awarded first place for innovating this dish with a vegan twist. It is prepared with white corn masa shaped into an oval with a filling of white beans and sikilpak. It is then fried with vegetable oil until golden on the outside. Once ready, it is opened in the middle to add the filling, which consists of a mix of diced sautéed vegetables such as chayote and carrot. It is served with purple onion and roasted tamulated chilli for a flavorful experience. This well-thought-out dish aims to cater to vegans and vegetarians as well. It is for everyone, so don't miss trying it at Choko Coffee in Pisté or at Yaxkin restaurant in Xocempich.</p><h4>Details of interest:</h4><p>Recommendations for tourists: Try the Polcán during your visit to Pisté.<br />Payment methods: Cash, cards, and bank transfers.<br />Recommended for: Families, couples, and people with disabilities.<br /><strong>Contact:</strong> <strong><a href="http://www.facebook.com/choko.coffe?mibextid=ZbWKwL">Facebook</a>, <a href="http://instagram.com/cafeteria_chokocoffee?igshid=YmMyMTA2M2Y=">Instagram</a>.</strong></p></div></div>

	</div>
</section><section class="fw-main-row padding-only-desktop"  >
	<div class="fw-container"  style="" id="section_17881955171024152556" data-title="Regiones">
		<div class="fw-row">
	<div class="fw-col-xs-12" style="box-sizing:border-box;">
	<div class="fw-heading fw-heading-h6 ">
		<h6 class='fw-special-title title'>Regions</h6>	</div></div></div>

<div class="fw-row">
	<div class="fw-col-xs-12" style="box-sizing:border-box;">
	  <div class="link-list">
    <a href="https://yucatantravel.epconsulting.mx/en/?post_type=regions&p=5784">
                        <i class="icon-"></i>
                Mayan World Capital      </a>  </div>
</div></div>

	</div>
</section></p>

<p>The vegan Polcán emerges through the Polcán Fair, which aims to make this dish a gastronomic icon representing Pisté, where it took place in September 2022. Choko Coffee was awarded first place for innovating this dish with a vegan twist. It is prepared with white corn masa shaped into an oval with a filling of [&hellip;]</p>

<!-- This site is optimized with the Yoast SEO plugin v28.3 - https://yoast.com/product/yoast-seo-wordpress/ -->
<title>365 Flavors in Yucatán - No. 246 Vegan Polcán: with Vegetables and Sikilpak</title>
<meta name="description" content="El polcán vegano surge a través de La Feria del Polcán, la cual tiene como objetivo que este platillo se vuelva un ícono gastronómico que represente a Pisté; lugar donde fue llevada a cabo, en septiembre de 2022." />
<meta name="robots" content="index, follow, max-snippet:-1, max-image-preview:large, max-video-preview:-1" />
<link rel="canonical" href="https://yucatantravel.epconsulting.mx/en/flavor/246-vegan-polcan-with-vegetables-and-sikilpak/" />
<meta property="og:locale" content="en_US" />
<meta property="og:type" content="article" />
<meta property="og:title" content="365 Flavors in Yucatán - No. 246 Vegan Polcán: with Vegetables and Sikilpak" />
<meta property="og:description" content="El polcán vegano surge a través de La Feria del Polcán, la cual tiene como objetivo que este platillo se vuelva un ícono gastronómico que represente a Pisté; lugar donde fue llevada a cabo, en septiembre de 2022." />
<meta property="og:url" content="https://yucatantravel.epconsulting.mx/en/flavor/246-vegan-polcan-with-vegetables-and-sikilpak/" />
<meta property="og:site_name" content="Yucatan.Travel" />
<meta property="article:modified_time" content="2024-02-22T18:20:50+00:00" />
<meta property="og:image" content="https://yucatantravel.epconsulting.mx/wp-content/uploads/2023/02/365-sabores-en-yucatán-Polcán-vegano-con-verduras-y-sikilpak-4.jpg" />
	<meta property="og:image:width" content="1920" />
	<meta property="og:image:height" content="1280" />
	<meta property="og:image:type" content="image/jpeg" />
<meta name="twitter:card" content="summary_large_image" />
<meta name="twitter:label1" content="Est. reading time" />
	<meta name="twitter:data1" content="2 minutes" />
<script type="application/ld+json" class="yoast-schema-graph">{"@context":"https:\/\/schema.org","@graph":[{"@type":"WebPage","@id":"https:\/\/yucatantravel.epconsulting.mx\/en\/flavor\/246-vegan-polcan-with-vegetables-and-sikilpak\/","url":"https:\/\/yucatantravel.epconsulting.mx\/en\/flavor\/246-vegan-polcan-with-vegetables-and-sikilpak\/","name":"365 Flavors in Yucatán - No. 246 Vegan Polcán: with Vegetables and Sikilpak","isPartOf":{"@id":"https:\/\/yucatantravel.epconsulting.mx\/#website"},"primaryImageOfPage":{"@id":"https:\/\/yucatantravel.epconsulting.mx\/en\/flavor\/246-vegan-polcan-with-vegetables-and-sikilpak\/#primaryimage"},"image":{"@id":"https:\/\/yucatantravel.epconsulting.mx\/en\/flavor\/246-vegan-polcan-with-vegetables-and-sikilpak\/#primaryimage"},"thumbnailUrl":"https:\/\/yucatantravel.epconsulting.mx\/wp-content\/uploads\/2023\/02\/365-sabores-en-yucatán-Polcán-vegano-con-verduras-y-sikilpak-4.jpg","datePublished":"2020-11-27T23:54:10+00:00","dateModified":"2024-02-22T18:20:50+00:00","description":"El polcán vegano surge a través de La Feria del Polcán, la cual tiene como objetivo que este platillo se vuelva un ícono gastronómico que represente a Pisté; lugar donde fue llevada a cabo, en septiembre de 2022.","breadcrumb":{"@id":"https:\/\/yucatantravel.epconsulting.mx\/en\/flavor\/246-vegan-polcan-with-vegetables-and-sikilpak\/#breadcrumb"},"inLanguage":"en-US","potentialAction":[{"@type":"ReadAction","target":["https:\/\/yucatantravel.epconsulting.mx\/en\/flavor\/246-vegan-polcan-with-vegetables-and-sikilpak\/"]}]},{"@type":"ImageObject","inLanguage":"en-US","@id":"https:\/\/yucatantravel.epconsulting.mx\/en\/flavor\/246-vegan-polcan-with-vegetables-and-sikilpak\/#primaryimage","url":"https:\/\/yucatantravel.epconsulting.mx\/wp-content\/uploads\/2023\/02\/365-sabores-en-yucatán-Polcán-vegano-con-verduras-y-sikilpak-4.jpg","contentUrl":"https:\/\/yucatantravel.epconsulting.mx\/wp-content\/uploads\/2023\/02\/365-sabores-en-yucatán-Polcán-vegano-con-verduras-y-sikilpak-4.jpg","width":1920,"height":1280},{"@type":"BreadcrumbList","@id":"https:\/\/yucatantravel.epconsulting.mx\/en\/flavor\/246-vegan-polcan-with-vegetables-and-sikilpak\/#breadcrumb","itemListElement":[{"@type":"ListItem","position":1,"name":"Flavors","item":"https:\/\/yucatantravel.epconsulting.mx\/sabores\/"},{"@type":"ListItem","position":2,"name":"No. 246 Vegan Polcán: with Vegetables and Sikilpak"}]},{"@type":"WebSite","@id":"https:\/\/yucatantravel.epconsulting.mx\/#website","url":"https:\/\/yucatantravel.epconsulting.mx\/","name":"Yucatan.Travel","description":"Just another WordPress site","potentialAction":[{"@type":"SearchAction","target":{"@type":"EntryPoint","urlTemplate":"https:\/\/yucatantravel.epconsulting.mx\/?s={search_term_string}"},"query-input":{"@type":"PropertyValueSpecification","valueRequired":true,"valueName":"search_term_string"}}],"inLanguage":"en-US"}]}</script>
<!-- / Yoast SEO plugin. -->

365 Flavors in Yucatán - No. 246 Vegan Polcán: with Vegetables and Sikilpak

El polcán vegano surge a través de La Feria del Polcán, la cual tiene como objetivo que este platillo se vuelva un ícono gastronómico que represente a Pisté; lugar donde fue llevada a cabo, en septiembre de 2022.
